CRAN Package Check Results for Package proftools

Last updated on 2020-01-20 01:50:31 CET.

Flavor Version Tinstall Tcheck Ttotal Status Flags
r-devel-linux-x86_64-debian-clang 0.99-2 5.07 82.68 87.75 OK
r-devel-linux-x86_64-debian-gcc 0.99-2 3.88 64.57 68.45 OK
r-devel-linux-x86_64-fedora-clang 0.99-2 106.05 OK
r-devel-linux-x86_64-fedora-gcc 0.99-2 105.11 OK
r-devel-windows-ix86+x86_64 0.99-2 15.00 142.00 157.00 OK
r-devel-windows-ix86+x86_64-gcc8 0.99-2 9.00 129.00 138.00 OK
r-patched-linux-x86_64 0.99-2 4.26 75.77 80.03 OK
r-patched-solaris-x86 0.99-2 133.00 OK
r-release-linux-x86_64 0.99-2 3.96 77.46 81.42 OK
r-release-windows-ix86+x86_64 0.99-2 10.00 86.00 96.00 OK
r-release-osx-x86_64 0.99-2 ERROR
r-oldrel-windows-ix86+x86_64 0.99-2 5.00 88.00 93.00 OK
r-oldrel-osx-x86_64 0.99-2 OK

Check Details

Version: 0.99-2
Check: package dependencies
Result: NOTE
    Packages suggested but not available for checking: 'graph', 'Rgraphviz'
Flavor: r-release-osx-x86_64

Version: 0.99-2
Check: examples
Result: ERROR
    Running examples in ‘proftools-Ex.R’ failed
    The error most likely occurred in:
    
    > ### Name: filterProfileData
    > ### Title: Filter Profile Data
    > ### Aliases: filterProfileData
    > ### Keywords: programming utilities
    >
    > ### ** Examples
    >
    > pd <- readProfileData(system.file("samples", "glmEx.out", package="proftools"))
    > plotProfileCallGraph(pd)
    Error in loadNamespace(name) : there is no package called ‘graph’
    Calls: plotProfileCallGraph ... loadNamespace -> withRestarts -> withOneRestart -> doWithOneRestart
    Execution halted
Flavor: r-release-osx-x86_64

Version: 0.99-2
Check: re-building of vignette outputs
Result: WARN
    Error(s) in re-building vignettes:
     ...
    --- re-building ‘proftools.Rnw’ using knitr
    Quitting from lines 221-222 (proftools.Rnw)
    Error: processing vignette 'proftools.Rnw' failed with diagnostics:
    there is no package called 'graph'
    --- failed re-building ‘proftools.Rnw’
    
    SUMMARY: processing the following file failed:
     ‘proftools.Rnw’
    
    Error: Vignette re-building failed.
    Execution halted
Flavor: r-release-osx-x86_64