CRAN Package Check Results for Package projects

Last updated on 2020-01-20 01:50:31 CET.

Flavor Version Tinstall Tcheck Ttotal Status Flags
r-devel-linux-x86_64-debian-clang 2.0.0 5.10 43.87 48.97 OK
r-devel-linux-x86_64-debian-gcc 2.0.0 3.74 33.97 37.71 OK
r-devel-linux-x86_64-fedora-clang 2.0.0 58.77 NOTE
r-devel-linux-x86_64-fedora-gcc 2.0.0 56.82 NOTE
r-devel-windows-ix86+x86_64 2.0.0 16.00 93.00 109.00 OK
r-devel-windows-ix86+x86_64-gcc8 2.0.0 11.00 87.00 98.00 OK
r-patched-linux-x86_64 2.0.0 4.22 39.85 44.07 OK
r-patched-solaris-x86 2.0.0 75.80 NOTE
r-release-linux-x86_64 2.0.0 4.56 40.00 44.56 OK
r-release-windows-ix86+x86_64 2.0.0 15.00 61.00 76.00 OK
r-release-osx-x86_64 2.0.0 NOTE
r-oldrel-windows-ix86+x86_64 2.0.0 7.00 84.00 91.00 OK
r-oldrel-osx-x86_64 2.0.0 NOTE

Check Details

Version: 2.0.0
Check: dependencies in R code
Result: NOTE
    Namespace in Imports field not imported from: ‘methods’
     All declared Imports should be used.
Flavors: r-devel-linux-x86_64-fedora-clang, r-devel-linux-x86_64-fedora-gcc, r-patched-solaris-x86, r-release-osx-x86_64, r-oldrel-osx-x86_64