Last updated on 2020-01-20 01:50:31 CET.
Flavor | Version | Tinstall | Tcheck | Ttotal | Status | Flags |
---|---|---|---|---|---|---|
r-devel-linux-x86_64-debian-clang | 2.1 | 69.95 | 28.38 | 98.33 | OK | |
r-devel-linux-x86_64-debian-gcc | 2.1 | 48.48 | 22.52 | 71.00 | OK | |
r-devel-linux-x86_64-fedora-clang | 2.1 | 138.93 | OK | |||
r-devel-linux-x86_64-fedora-gcc | 2.1 | 130.18 | OK | |||
r-devel-windows-ix86+x86_64 | 2.1 | 210.00 | 101.00 | 311.00 | OK | |
r-devel-windows-ix86+x86_64-gcc8 | 2.1 | 204.00 | 97.00 | 301.00 | OK | |
r-patched-linux-x86_64 | 2.1 | 56.87 | 25.97 | 82.84 | OK | |
r-patched-solaris-x86 | 2.1 | 117.20 | NOTE | |||
r-release-linux-x86_64 | 2.1 | 55.44 | 25.79 | 81.23 | OK | |
r-release-windows-ix86+x86_64 | 2.1 | 201.00 | 103.00 | 304.00 | OK | |
r-release-osx-x86_64 | 2.1 | NOTE | ||||
r-oldrel-windows-ix86+x86_64 | 2.1 | 157.00 | 105.00 | 262.00 | OK | |
r-oldrel-osx-x86_64 | 2.1 | NOTE |
Version: 2.1
Check: package dependencies
Result: NOTE
Package suggested but not available for checking: ‘RProtoBuf’
Flavor: r-patched-solaris-x86
Version: 2.1
Check: Rd cross-references
Result: NOTE
Package unavailable to check Rd xrefs: ‘RProtoBuf’
Flavor: r-patched-solaris-x86
Version: 2.1
Check: installed package size
Result: NOTE
installed size is 5.8Mb
sub-directories of 1Mb or more:
libs 5.7Mb
Flavors: r-release-osx-x86_64, r-oldrel-osx-x86_64