Last updated on 2020-01-20 01:50:31 CET.
Flavor | Version | Tinstall | Tcheck | Ttotal | Status | Flags |
---|---|---|---|---|---|---|
r-devel-linux-x86_64-debian-clang | 1.3.0 | 6.53 | 68.55 | 75.08 | OK | |
r-devel-linux-x86_64-debian-gcc | 1.3.0 | 4.53 | 56.83 | 61.36 | OK | |
r-devel-linux-x86_64-fedora-clang | 1.3.0 | 88.65 | NOTE | |||
r-devel-linux-x86_64-fedora-gcc | 1.3.0 | 86.81 | NOTE | |||
r-devel-windows-ix86+x86_64 | 1.3.0 | 77.00 | 332.00 | 409.00 | OK | |
r-devel-windows-ix86+x86_64-gcc8 | 1.3.0 | 49.00 | 283.00 | 332.00 | OK | |
r-patched-linux-x86_64 | 1.3.0 | 5.23 | 63.39 | 68.62 | OK | |
r-patched-solaris-x86 | 1.3.0 | 52.20 | OK | |||
r-release-linux-x86_64 | 1.3.0 | 4.65 | 63.74 | 68.39 | OK | |
r-release-windows-ix86+x86_64 | 1.3.0 | 81.00 | 205.00 | 286.00 | OK | |
r-release-osx-x86_64 | 1.3.0 | OK | ||||
r-oldrel-windows-ix86+x86_64 | 1.3.0 | 69.00 | 256.00 | 325.00 | OK | |
r-oldrel-osx-x86_64 | 1.3.0 | OK |
Version: 1.3.0
Check: top-level files
Result: NOTE
possible bashism in configure line 7 (should be >word 2>&1):
echo &>2 R_HOME is not set, are you running R CMD INSTALL?
possible bashism in configure line 46 (test -a/-o):
if [ -n "$FREEBSD" -o -n "$OPENBSD" -o -n "$NETBSD" ]; then
Flavors: r-devel-linux-x86_64-fedora-clang, r-devel-linux-x86_64-fedora-gcc