CRAN Package Check Results for Package qqid

Last updated on 2020-01-20 01:50:31 CET.

Flavor Version Tinstall Tcheck Ttotal Status Flags
r-devel-linux-x86_64-debian-clang 1.0.3 2.82 27.82 30.64 OK
r-devel-linux-x86_64-debian-gcc 1.0.3 2.20 21.56 23.76 ERROR
r-devel-linux-x86_64-fedora-clang 1.0.3 36.52 OK
r-devel-linux-x86_64-fedora-gcc 1.0.3 19.68 OK
r-devel-windows-ix86+x86_64 1.0.3 9.00 60.00 69.00 OK
r-devel-windows-ix86+x86_64-gcc8 1.0.3 9.00 99.00 108.00 ERROR
r-patched-linux-x86_64 1.0.3 2.24 24.86 27.10 OK
r-patched-solaris-x86 1.0.3 47.90 ERROR
r-release-linux-x86_64 1.0.3 2.17 25.01 27.18 OK
r-release-windows-ix86+x86_64 1.0.3 8.00 64.00 72.00 OK
r-release-osx-x86_64 1.0.3 OK
r-oldrel-windows-ix86+x86_64 1.0.3 4.00 58.00 62.00 OK
r-oldrel-osx-x86_64 1.0.3 OK

Check Details

Version: 1.0.3
Check: tests
Result: ERROR
     Running ‘testthat.R’ [3s/8s]
    Running the tests in ‘tests/testthat.R’ failed.
    Complete output:
     > # load dependencies
     > library(testthat)
     > library(qqid)
     >
     > test_check("qqid")
     The ANU Quantum Random Number Generator service is not available at [https://qrng.anu.edu.au/index.php].
     Are you connected to the internet?
     The ANU Quantum Random Number Generator service is not available at [https://qrng.anu.edu.au/index.php].
     Are you connected to the internet?
     The ANU Quantum Random Number Generator service is not available at [https://qrng.anu.edu.au/index.php].
     Are you connected to the internet?
     ── 1. Failure: corrupt input to the closure generates errors (@test_qQQIDfactory
     is.null(testQQ <- qQQIDfactory(5)) isn't false.
    
     The ANU Quantum Random Number Generator service is not available at [https://qrng.anu.edu.au/index.php].
     Are you connected to the internet?
     ── 2. Error: valid input produces the expected output (@test_qQQIDfactory.R#32)
     could not find function "testQQ"
     Backtrace:
     1. testthat::expect_equal(length(testQQ(2)), 2)
     2. testthat::quasi_label(enquo(object), label, arg = "object")
     3. rlang::eval_bare(expr, quo_get_env(quo))
    
     ══ testthat results ═══════════════════════════════════════════════════════════
     [ OK: 141 | SKIPPED: 0 | WARNINGS: 0 | FAILED: 2 ]
     1. Failure: corrupt input to the closure generates errors (@test_qQQIDfactory.R#23)
     2. Error: valid input produces the expected output (@test_qQQIDfactory.R#32)
    
     Error: testthat unit tests failed
     Execution halted
Flavor: r-devel-linux-x86_64-debian-gcc

Version: 1.0.3
Check: tests
Result: ERROR
     Running 'testthat.R' [45s]
    Running the tests in 'tests/testthat.R' failed.
    Complete output:
     > # load dependencies
     > library(testthat)
     > library(qqid)
     >
     > test_check("qqid")
     The ANU Quantum Random Number Generator service is not available at [https://qrng.anu.edu.au/index.php].
     Are you connected to the internet?
     The ANU Quantum Random Number Generator service is not available at [https://qrng.anu.edu.au/index.php].
     Are you connected to the internet?
     The ANU Quantum Random Number Generator service is not available at [https://qrng.anu.edu.au/index.php].
     Are you connected to the internet?
     -- 1. Failure: corrupt input to the closure generates errors (@test_qQQIDfactory
     is.null(testQQ <- qQQIDfactory(5)) isn't false.
    
     The ANU Quantum Random Number Generator service is not available at [https://qrng.anu.edu.au/index.php].
     Are you connected to the internet?
     -- 2. Error: valid input produces the expected output (@test_qQQIDfactory.R#32)
     could not find function "testQQ"
     Backtrace:
     1. testthat::expect_equal(length(testQQ(2)), 2)
     2. testthat::quasi_label(enquo(object), label, arg = "object")
     3. rlang::eval_bare(expr, quo_get_env(quo))
    
     == testthat results ===========================================================
     [ OK: 141 | SKIPPED: 0 | WARNINGS: 0 | FAILED: 2 ]
     1. Failure: corrupt input to the closure generates errors (@test_qQQIDfactory.R#23)
     2. Error: valid input produces the expected output (@test_qQQIDfactory.R#32)
    
     Error: testthat unit tests failed
     Execution halted
Flavor: r-devel-windows-ix86+x86_64-gcc8

Version: 1.0.3
Check: tests
Result: ERROR
     Running ‘testthat.R’ [5s/50s]
    Running the tests in ‘tests/testthat.R’ failed.
    Complete output:
     > # load dependencies
     > library(testthat)
     > library(qqid)
     >
     > test_check("qqid")
     The ANU Quantum Random Number Generator service is not available at [https://qrng.anu.edu.au/index.php].
     Are you connected to the internet?
     The ANU Quantum Random Number Generator service is not available at [https://qrng.anu.edu.au/index.php].
     Are you connected to the internet?
     The ANU Quantum Random Number Generator service is not available at [https://qrng.anu.edu.au/index.php].
     Are you connected to the internet?
     ── 1. Failure: corrupt input to the closure generates errors (@test_qQQIDfactory
     is.null(testQQ <- qQQIDfactory(5)) isn't false.
    
     The ANU Quantum Random Number Generator service is not available at [https://qrng.anu.edu.au/index.php].
     Are you connected to the internet?
     ── 2. Error: valid input produces the expected output (@test_qQQIDfactory.R#32)
     could not find function "testQQ"
     Backtrace:
     1. testthat::expect_equal(length(testQQ(2)), 2)
     2. testthat::quasi_label(enquo(object), label, arg = "object")
     3. rlang::eval_bare(expr, quo_get_env(quo))
    
     ══ testthat results ═══════════════════════════════════════════════════════════
     [ OK: 141 | SKIPPED: 0 | WARNINGS: 0 | FAILED: 2 ]
     1. Failure: corrupt input to the closure generates errors (@test_qQQIDfactory.R#23)
     2. Error: valid input produces the expected output (@test_qQQIDfactory.R#32)
    
     Error: testthat unit tests failed
     Execution halted
Flavor: r-patched-solaris-x86