Last updated on 2020-01-20 01:50:32 CET.
Flavor | Version | Tinstall | Tcheck | Ttotal | Status | Flags |
---|---|---|---|---|---|---|
r-devel-linux-x86_64-debian-clang | 2.1 | 8.86 | 73.42 | 82.28 | OK | |
r-devel-linux-x86_64-debian-gcc | 2.1 | 8.05 | 58.63 | 66.68 | OK | |
r-devel-linux-x86_64-fedora-clang | 2.1 | 99.56 | WARN | |||
r-devel-linux-x86_64-fedora-gcc | 2.1 | 97.00 | OK | |||
r-devel-windows-ix86+x86_64 | 2.1 | 24.00 | 84.00 | 108.00 | OK | |
r-devel-windows-ix86+x86_64-gcc8 | 2.1 | 16.00 | 114.00 | 130.00 | OK | |
r-patched-linux-x86_64 | 2.1 | 7.61 | 66.47 | 74.08 | OK | |
r-patched-solaris-x86 | 2.1 | 141.40 | OK | |||
r-release-linux-x86_64 | 2.1 | 6.98 | 66.25 | 73.23 | OK | |
r-release-windows-ix86+x86_64 | 2.1 | 22.00 | 74.00 | 96.00 | OK | |
r-release-osx-x86_64 | 2.1 | OK | ||||
r-oldrel-windows-ix86+x86_64 | 2.1 | 8.00 | 78.00 | 86.00 | OK | |
r-oldrel-osx-x86_64 | 2.1 | OK |
Version: 2.1
Check: package dependencies
Result: WARN
Requires orphaned package: ‘flare’
Flavor: r-devel-linux-x86_64-fedora-clang