CRAN Package Check Results for Package rMouse

Last updated on 2020-01-20 01:50:33 CET.

Flavor Version Tinstall Tcheck Ttotal Status Flags
r-devel-linux-x86_64-debian-clang 0.1 4.51 48.38 52.89 OK
r-devel-linux-x86_64-debian-gcc 0.1 3.51 37.72 41.23 OK
r-devel-linux-x86_64-fedora-clang 0.1 68.91 OK
r-devel-linux-x86_64-fedora-gcc 0.1 56.22 OK
r-devel-windows-ix86+x86_64 0.1 14.00 68.00 82.00 OK
r-devel-windows-ix86+x86_64-gcc8 0.1 9.00 70.00 79.00 OK
r-patched-linux-x86_64 0.1 3.80 45.17 48.97 OK
r-patched-solaris-x86 0.1 68.90 OK
r-release-linux-x86_64 0.1 3.45 44.93 48.38 OK
r-release-windows-ix86+x86_64 0.1 11.00 52.00 63.00 OK
r-release-osx-x86_64 0.1 ERROR
r-oldrel-windows-ix86+x86_64 0.1 5.00 44.00 49.00 OK
r-oldrel-osx-x86_64 0.1 ERROR

Check Details

Version: 0.1
Check: whether package can be installed
Result: ERROR
    Installation failed.
Flavors: r-release-osx-x86_64, r-oldrel-osx-x86_64