Last updated on 2020-01-20 01:50:32 CET.
Flavor | Version | Tinstall | Tcheck | Ttotal | Status | Flags |
---|---|---|---|---|---|---|
r-devel-linux-x86_64-debian-clang | 0.9.9.1 | 16.53 | 158.71 | 175.24 | OK | |
r-devel-linux-x86_64-debian-gcc | 0.9.9.1 | 12.48 | 110.12 | 122.60 | OK | |
r-devel-linux-x86_64-fedora-clang | 0.9.9.1 | 194.02 | OK | |||
r-devel-linux-x86_64-fedora-gcc | 0.9.9.1 | 196.40 | OK | |||
r-devel-windows-ix86+x86_64 | 0.9.9.1 | 76.00 | 249.00 | 325.00 | OK | |
r-devel-windows-ix86+x86_64-gcc8 | 0.9.9.1 | 52.00 | 253.00 | 305.00 | OK | |
r-patched-linux-x86_64 | 0.9.9.1 | 11.36 | 127.46 | 138.82 | OK | |
r-patched-solaris-x86 | 0.9.9.1 | 259.00 | NOTE | |||
r-release-linux-x86_64 | 0.9.9.1 | 12.59 | 127.07 | 139.66 | OK | |
r-release-windows-ix86+x86_64 | 0.9.9.1 | 72.00 | 249.00 | 321.00 | OK | |
r-release-osx-x86_64 | 0.9.9.1 | OK | ||||
r-oldrel-windows-ix86+x86_64 | 0.9.9.1 | 23.00 | 153.00 | 176.00 | OK | |
r-oldrel-osx-x86_64 | 0.9.9.1 | OK |
Version: 0.9.9.1
Check: installed package size
Result: NOTE
installed size is 6.4Mb
sub-directories of 1Mb or more:
app 6.1Mb
Flavor: r-patched-solaris-x86