CRAN Package Check Results for Package randomsearch

Last updated on 2020-01-20 01:50:32 CET.

Flavor Version Tinstall Tcheck Ttotal Status Flags
r-devel-linux-x86_64-debian-clang 0.2.0 6.63 204.39 211.02 OK
r-devel-linux-x86_64-debian-gcc 0.2.0 5.60 148.66 154.26 OK
r-devel-linux-x86_64-fedora-clang 0.2.0 233.92 OK
r-devel-linux-x86_64-fedora-gcc 0.2.0 212.25 OK
r-devel-windows-ix86+x86_64 0.2.0 31.00 235.00 266.00 OK
r-devel-windows-ix86+x86_64-gcc8 0.2.0 16.00 241.00 257.00 OK
r-patched-linux-x86_64 0.2.0 5.60 183.99 189.59 OK
r-patched-solaris-x86 0.2.0 4.20 ERROR
r-release-linux-x86_64 0.2.0 5.86 184.83 190.69 OK
r-release-windows-ix86+x86_64 0.2.0 22.00 166.00 188.00 OK
r-release-osx-x86_64 0.2.0 OK
r-oldrel-windows-ix86+x86_64 0.2.0 8.00 154.00 162.00 OK
r-oldrel-osx-x86_64 0.2.0 OK

Check Details

Version: 0.2.0
Check: package dependencies
Result: ERROR
    Package required but not available: ‘smoof’
    
    See section ‘The DESCRIPTION file’ in the ‘Writing R Extensions’
    manual.
Flavor: r-patched-solaris-x86