Last updated on 2020-01-20 01:50:32 CET.
Flavor | Version | Tinstall | Tcheck | Ttotal | Status | Flags |
---|---|---|---|---|---|---|
r-devel-linux-x86_64-debian-clang | 1.10.0 | 3.15 | 124.93 | 128.08 | OK | |
r-devel-linux-x86_64-debian-gcc | 1.10.0 | 2.82 | 86.86 | 89.68 | OK | |
r-devel-linux-x86_64-fedora-clang | 1.10.0 | 152.02 | NOTE | |||
r-devel-linux-x86_64-fedora-gcc | 1.10.0 | 152.65 | NOTE | |||
r-devel-windows-ix86+x86_64 | 1.10.0 | 20.00 | 66.00 | 86.00 | OK | |
r-devel-windows-ix86+x86_64-gcc8 | 1.10.0 | 12.00 | 68.00 | 80.00 | OK | |
r-patched-linux-x86_64 | 1.10.0 | 2.36 | 102.72 | 105.08 | OK | |
r-patched-solaris-x86 | 1.10.0 | 52.80 | NOTE | |||
r-release-linux-x86_64 | 1.10.0 | 2.86 | 104.55 | 107.41 | OK | |
r-release-windows-ix86+x86_64 | 1.10.0 | 10.00 | 71.00 | 81.00 | OK | |
r-release-osx-x86_64 | 1.10.0 | NOTE | ||||
r-oldrel-windows-ix86+x86_64 | 1.10.0 | 6.00 | 42.00 | 48.00 | OK | |
r-oldrel-osx-x86_64 | 1.10.0 | NOTE |
Version: 1.10.0
Check: dependencies in R code
Result: NOTE
Namespace in Imports field not imported from: ‘RJDBC’
All declared Imports should be used.
Flavors: r-devel-linux-x86_64-fedora-clang, r-devel-linux-x86_64-fedora-gcc, r-patched-solaris-x86, r-release-osx-x86_64, r-oldrel-osx-x86_64