Last updated on 2020-01-20 01:50:32 CET.
Flavor | Version | Tinstall | Tcheck | Ttotal | Status | Flags |
---|---|---|---|---|---|---|
r-devel-linux-x86_64-debian-clang | 0.5.0 | 14.71 | 110.20 | 124.91 | OK | |
r-devel-linux-x86_64-debian-gcc | 0.5.0 | 11.54 | 81.83 | 93.37 | OK | |
r-devel-linux-x86_64-fedora-clang | 0.5.0 | 142.34 | NOTE | |||
r-devel-linux-x86_64-fedora-gcc | 0.5.0 | 147.47 | NOTE | |||
r-devel-windows-ix86+x86_64 | 0.5.0 | 34.00 | 191.00 | 225.00 | OK | |
r-devel-windows-ix86+x86_64-gcc8 | 0.5.0 | 26.00 | 192.00 | 218.00 | OK | |
r-patched-linux-x86_64 | 0.5.0 | 11.85 | 95.95 | 107.80 | OK | |
r-patched-solaris-x86 | 0.5.0 | 176.20 | NOTE | |||
r-release-linux-x86_64 | 0.5.0 | 10.39 | 96.91 | 107.30 | OK | |
r-release-windows-ix86+x86_64 | 0.5.0 | 9.00 | 7.00 | 16.00 | ERROR | |
r-release-osx-x86_64 | 0.5.0 | NOTE | ||||
r-oldrel-windows-ix86+x86_64 | 0.5.0 | 16.00 | 116.00 | 132.00 | OK | |
r-oldrel-osx-x86_64 | 0.5.0 | NOTE |
Version: 0.5.0
Check: dependencies in R code
Result: NOTE
Namespace in Imports field not imported from: ‘ggplot2’
All declared Imports should be used.
Flavors: r-devel-linux-x86_64-fedora-clang, r-devel-linux-x86_64-fedora-gcc, r-patched-solaris-x86, r-release-osx-x86_64, r-oldrel-osx-x86_64
Version: 0.5.0
Check: whether package can be installed
Result: ERROR
Installation failed.
Flavor: r-release-windows-ix86+x86_64