CRAN Package Check Results for Package redland

Last updated on 2020-01-20 01:50:32 CET.

Flavor Version Tinstall Tcheck Ttotal Status Flags
r-devel-linux-x86_64-debian-clang 1.0.17-11 12.32 61.94 74.26 OK
r-devel-linux-x86_64-debian-gcc 1.0.17-11 10.47 48.90 59.37 OK
r-devel-linux-x86_64-fedora-clang 1.0.17-11 91.48 NOTE
r-devel-linux-x86_64-fedora-gcc 1.0.17-11 95.42 NOTE
r-devel-windows-ix86+x86_64 1.0.17-11 52.00 153.00 205.00 NOTE
r-devel-windows-ix86+x86_64-gcc8 1.0.17-11 40.00 150.00 190.00 NOTE
r-patched-linux-x86_64 1.0.17-11 11.92 57.10 69.02 OK
r-patched-solaris-x86 1.0.17-11 111.80 OK
r-release-linux-x86_64 1.0.17-11 11.51 57.24 68.75 OK
r-release-windows-ix86+x86_64 1.0.17-11 54.00 154.00 208.00 NOTE
r-release-osx-x86_64 1.0.17-11 OK
r-oldrel-windows-ix86+x86_64 1.0.17-11 30.00 111.00 141.00 NOTE
r-oldrel-osx-x86_64 1.0.17-11 OK

Check Details

Version: 1.0.17-11
Check: top-level files
Result: NOTE
    ‘configure’: /bin/bash is not portable
Flavors: r-devel-linux-x86_64-fedora-clang, r-devel-linux-x86_64-fedora-gcc

Version: 1.0.17-11
Check: installed package size
Result: NOTE
     installed size is 5.9Mb
     sub-directories of 1Mb or more:
     libs 5.0Mb
Flavors: r-devel-windows-ix86+x86_64, r-devel-windows-ix86+x86_64-gcc8, r-release-windows-ix86+x86_64, r-oldrel-windows-ix86+x86_64