Last updated on 2020-01-20 01:50:32 CET.
Flavor | Version | Tinstall | Tcheck | Ttotal | Status | Flags |
---|---|---|---|---|---|---|
r-devel-linux-x86_64-debian-clang | 1.0.1 | 3.92 | 36.90 | 40.82 | OK | |
r-devel-linux-x86_64-debian-gcc | 1.0.1 | 3.14 | 28.34 | 31.48 | OK | |
r-devel-linux-x86_64-fedora-clang | 1.0.1 | 50.71 | WARN | |||
r-devel-linux-x86_64-fedora-gcc | 1.0.1 | 48.64 | OK | |||
r-devel-windows-ix86+x86_64 | 1.0.1 | 24.00 | 90.00 | 114.00 | OK | |
r-devel-windows-ix86+x86_64-gcc8 | 1.0.1 | 17.00 | 87.00 | 104.00 | OK | |
r-patched-linux-x86_64 | 1.0.1 | 3.28 | 32.74 | 36.02 | OK | |
r-patched-solaris-x86 | 1.0.1 | 68.70 | NOTE | |||
r-release-linux-x86_64 | 1.0.1 | 3.07 | 32.83 | 35.90 | OK | |
r-release-windows-ix86+x86_64 | 1.0.1 | 20.00 | 67.00 | 87.00 | OK | |
r-release-osx-x86_64 | 1.0.1 | OK | ||||
r-oldrel-windows-ix86+x86_64 | 1.0.1 | 7.00 | 77.00 | 84.00 | OK | |
r-oldrel-osx-x86_64 | 1.0.1 | OK |
Version: 1.0.1
Check: package dependencies
Result: WARN
Requires orphaned package: ‘aws.s3’
Flavor: r-devel-linux-x86_64-fedora-clang
Version: 1.0.1
Check: package dependencies
Result: NOTE
Package suggested but not available for checking: ‘RPostgres’
Flavor: r-patched-solaris-x86