Last updated on 2020-01-20 01:50:33 CET.
Flavor | Version | Tinstall | Tcheck | Ttotal | Status | Flags |
---|---|---|---|---|---|---|
r-devel-linux-x86_64-debian-clang | 0.3.7 | 5.12 | 52.64 | 57.76 | NOTE | |
r-devel-linux-x86_64-debian-gcc | 0.3.7 | 4.85 | 41.29 | 46.14 | NOTE | |
r-devel-linux-x86_64-fedora-clang | 0.3.7 | 69.70 | NOTE | |||
r-devel-linux-x86_64-fedora-gcc | 0.3.7 | 67.67 | NOTE | |||
r-devel-windows-ix86+x86_64 | 0.3.7 | 19.00 | 97.00 | 116.00 | NOTE | |
r-devel-windows-ix86+x86_64-gcc8 | 0.3.7 | 17.00 | 91.00 | 108.00 | NOTE | |
r-patched-linux-x86_64 | 0.3.7 | 4.56 | 46.06 | 50.62 | NOTE | |
r-patched-solaris-x86 | 0.3.7 | 92.00 | NOTE | |||
r-release-linux-x86_64 | 0.3.7 | 4.65 | 46.99 | 51.64 | NOTE | |
r-release-windows-ix86+x86_64 | 0.3.7 | 18.00 | 65.00 | 83.00 | NOTE | |
r-release-osx-x86_64 | 0.3.7 | NOTE | ||||
r-oldrel-windows-ix86+x86_64 | 0.3.7 | 6.00 | 59.00 | 65.00 | NOTE | |
r-oldrel-osx-x86_64 | 0.3.7 | NOTE |
Version: 0.3.7
Check: R code for possible problems
Result: NOTE
fs_author_ids : <anonymous>: no visible global function definition for
'select.list'
fs_download : <anonymous>: no visible global function definition for
'download.file'
Undefined global functions or variables:
download.file select.list
Consider adding
importFrom("utils", "download.file", "select.list")
to your NAMESPACE file.
Flavors: r-devel-linux-x86_64-debian-clang, r-devel-linux-x86_64-debian-gcc, r-devel-linux-x86_64-fedora-clang, r-devel-linux-x86_64-fedora-gcc, r-devel-windows-ix86+x86_64, r-devel-windows-ix86+x86_64-gcc8, r-patched-linux-x86_64, r-patched-solaris-x86, r-release-linux-x86_64, r-release-windows-ix86+x86_64, r-release-osx-x86_64, r-oldrel-windows-ix86+x86_64, r-oldrel-osx-x86_64