Last updated on 2020-01-20 01:50:33 CET.
Flavor | Version | Tinstall | Tcheck | Ttotal | Status | Flags |
---|---|---|---|---|---|---|
r-devel-linux-x86_64-debian-clang | 0.5-2 | 16.33 | 61.17 | 77.50 | OK | |
r-devel-linux-x86_64-debian-gcc | 0.5-2 | 12.94 | 48.79 | 61.73 | OK | |
r-devel-linux-x86_64-fedora-clang | 0.5-2 | 96.17 | OK | |||
r-devel-linux-x86_64-fedora-gcc | 0.5-2 | 91.92 | OK | |||
r-devel-windows-ix86+x86_64 | 0.5-2 | 107.00 | 123.00 | 230.00 | OK | |
r-devel-windows-ix86+x86_64-gcc8 | 0.5-2 | 86.00 | 154.00 | 240.00 | OK | |
r-patched-linux-x86_64 | 0.5-2 | 12.69 | 54.42 | 67.11 | OK | |
r-patched-solaris-x86 | 0.5-2 | 99.10 | OK | |||
r-release-linux-x86_64 | 0.5-2 | 12.66 | 55.22 | 67.88 | OK | |
r-release-windows-ix86+x86_64 | 0.5-2 | 89.00 | 111.00 | 200.00 | OK | |
r-release-osx-x86_64 | 0.5-2 | NOTE | ||||
r-oldrel-windows-ix86+x86_64 | 0.5-2 | 74.00 | 125.00 | 199.00 | OK | |
r-oldrel-osx-x86_64 | 0.5-2 | NOTE |
Version: 0.5-2
Check: installed package size
Result: NOTE
installed size is 21.7Mb
sub-directories of 1Mb or more:
libs 20.9Mb
Flavors: r-release-osx-x86_64, r-oldrel-osx-x86_64