CRAN Package Check Results for Package rio

Last updated on 2020-01-20 01:50:33 CET.

Flavor Version Tinstall Tcheck Ttotal Status Flags
r-devel-linux-x86_64-debian-clang 0.5.16 5.54 67.28 72.82 NOTE
r-devel-linux-x86_64-debian-gcc 0.5.16 4.54 51.11 55.65 NOTE
r-devel-linux-x86_64-fedora-clang 0.5.16 88.28 NOTE
r-devel-linux-x86_64-fedora-gcc 0.5.16 85.04 NOTE
r-devel-windows-ix86+x86_64 0.5.16 21.00 126.00 147.00 OK
r-devel-windows-ix86+x86_64-gcc8 0.5.16 14.00 118.00 132.00 OK
r-patched-linux-x86_64 0.5.16 4.19 60.87 65.06 OK
r-patched-solaris-x86 0.5.16 118.80 OK
r-release-linux-x86_64 0.5.16 5.04 61.33 66.37 OK
r-release-windows-ix86+x86_64 0.5.16 21.00 86.00 107.00 OK
r-release-osx-x86_64 0.5.16 OK
r-oldrel-windows-ix86+x86_64 0.5.16 7.00 85.00 92.00 OK
r-oldrel-osx-x86_64 0.5.16 OK

Check Details

Version: 0.5.16
Check: for non-standard things in the check directory
Result: NOTE
    Found the following files/directories:
     'mtcars.txt'
Flavors: r-devel-linux-x86_64-debian-clang, r-devel-linux-x86_64-debian-gcc, r-devel-linux-x86_64-fedora-clang, r-devel-linux-x86_64-fedora-gcc