CRAN Package Check Results for Package riskParityPortfolio

Last updated on 2020-01-20 01:50:33 CET.

Flavor Version Tinstall Tcheck Ttotal Status Flags
r-devel-linux-x86_64-debian-clang 0.2.1 93.77 51.43 145.20 OK
r-devel-linux-x86_64-debian-gcc 0.2.1 62.89 42.27 105.16 OK
r-devel-linux-x86_64-fedora-clang 0.2.1 190.45 NOTE
r-devel-linux-x86_64-fedora-gcc 0.2.1 195.84 OK
r-devel-windows-ix86+x86_64 0.2.1 203.00 113.00 316.00 OK
r-devel-windows-ix86+x86_64-gcc8 0.2.1 167.00 132.00 299.00 OK
r-patched-linux-x86_64 0.2.1 72.97 49.74 122.71 OK
r-patched-solaris-x86 0.2.1 155.80 OK
r-release-linux-x86_64 0.2.1 77.63 49.28 126.91 OK
r-release-windows-ix86+x86_64 0.2.1 196.00 77.00 273.00 OK
r-release-osx-x86_64 0.2.1 NOTE
r-oldrel-windows-ix86+x86_64 0.2.1 123.00 70.00 193.00 OK
r-oldrel-osx-x86_64 0.2.1 NOTE

Check Details

Version: 0.2.1
Check: installed package size
Result: NOTE
     installed size is 24.0Mb
     sub-directories of 1Mb or more:
     doc 1.4Mb
     libs 22.4Mb
Flavors: r-devel-linux-x86_64-fedora-clang, r-release-osx-x86_64, r-oldrel-osx-x86_64