CRAN Package Check Results for Package riskclustr

Last updated on 2020-01-20 01:50:33 CET.

Flavor Version Tinstall Tcheck Ttotal Status Flags
r-devel-linux-x86_64-debian-clang 0.2 2.85 71.64 74.49 OK
r-devel-linux-x86_64-debian-gcc 0.2 2.19 54.99 57.18 OK
r-devel-linux-x86_64-fedora-clang 0.2 91.19 NOTE
r-devel-linux-x86_64-fedora-gcc 0.2 89.12 NOTE
r-devel-windows-ix86+x86_64 0.2 10.00 110.00 120.00 OK
r-devel-windows-ix86+x86_64-gcc8 0.2 6.00 107.00 113.00 OK
r-patched-linux-x86_64 0.2 2.47 66.58 69.05 OK
r-patched-solaris-x86 0.2 145.80 NOTE
r-release-linux-x86_64 0.2 2.41 66.97 69.38 OK
r-release-windows-ix86+x86_64 0.2 8.00 80.00 88.00 OK
r-release-osx-x86_64 0.2 NOTE
r-oldrel-windows-ix86+x86_64 0.2 4.00 69.00 73.00 OK
r-oldrel-osx-x86_64 0.2 NOTE

Check Details

Version: 0.2
Check: dependencies in R code
Result: NOTE
    Namespace in Imports field not imported from: ‘gtools’
     All declared Imports should be used.
Flavors: r-devel-linux-x86_64-fedora-clang, r-devel-linux-x86_64-fedora-gcc, r-patched-solaris-x86, r-release-osx-x86_64, r-oldrel-osx-x86_64