Last updated on 2020-01-20 01:50:33 CET.
Flavor | Version | Tinstall | Tcheck | Ttotal | Status | Flags |
---|---|---|---|---|---|---|
r-devel-linux-x86_64-debian-clang | 1.10.13 | 4.91 | 36.82 | 41.73 | OK | |
r-devel-linux-x86_64-debian-gcc | 1.10.13 | 3.71 | 29.51 | 33.22 | OK | |
r-devel-linux-x86_64-fedora-clang | 1.10.13 | 51.99 | NOTE | |||
r-devel-linux-x86_64-fedora-gcc | 1.10.13 | 54.50 | NOTE | |||
r-devel-windows-ix86+x86_64 | 1.10.13 | 16.00 | 83.00 | 99.00 | OK | |
r-devel-windows-ix86+x86_64-gcc8 | 1.10.13 | 17.00 | 89.00 | 106.00 | OK | |
r-patched-linux-x86_64 | 1.10.13 | 4.06 | 33.88 | 37.94 | OK | |
r-patched-solaris-x86 | 1.10.13 | 68.40 | NOTE | |||
r-release-linux-x86_64 | 1.10.13 | 3.10 | 34.61 | 37.71 | OK | |
r-release-windows-ix86+x86_64 | 1.10.13 | 16.00 | 73.00 | 89.00 | OK | |
r-release-osx-x86_64 | 1.10.13 | NOTE | ||||
r-oldrel-windows-ix86+x86_64 | 1.10.13 | 9.00 | 59.00 | 68.00 | OK | |
r-oldrel-osx-x86_64 | 1.10.13 | NOTE |
Version: 1.10.13
Check: dependencies in R code
Result: NOTE
Namespace in Imports field not imported from: ‘knitr’
All declared Imports should be used.
Flavors: r-devel-linux-x86_64-fedora-clang, r-devel-linux-x86_64-fedora-gcc, r-patched-solaris-x86, r-release-osx-x86_64, r-oldrel-osx-x86_64