Last updated on 2020-01-20 01:50:33 CET.
Flavor | Version | Tinstall | Tcheck | Ttotal | Status | Flags |
---|---|---|---|---|---|---|
r-devel-linux-x86_64-debian-clang | 1.3-7 | 151.06 | 241.60 | 392.66 | OK | |
r-devel-linux-x86_64-debian-gcc | 1.3-7 | 108.36 | 183.13 | 291.49 | OK | |
r-devel-linux-x86_64-fedora-clang | 1.3-7 | 490.71 | NOTE | |||
r-devel-linux-x86_64-fedora-gcc | 1.3-7 | 476.90 | OK | |||
r-devel-windows-ix86+x86_64 | 1.3-7 | 322.00 | 359.00 | 681.00 | NOTE | |
r-devel-windows-ix86+x86_64-gcc8 | 1.3-7 | 239.00 | 380.00 | 619.00 | NOTE | |
r-patched-linux-x86_64 | 1.3-7 | 121.96 | 215.73 | 337.69 | OK | |
r-patched-solaris-x86 | 1.3-7 | 472.50 | OK | |||
r-release-linux-x86_64 | 1.3-7 | 115.77 | 213.21 | 328.98 | OK | |
r-release-windows-ix86+x86_64 | 1.3-7 | 303.00 | 226.00 | 529.00 | NOTE | |
r-release-osx-x86_64 | 1.3-7 | NOTE | ||||
r-oldrel-windows-ix86+x86_64 | 1.3-7 | 183.00 | 291.00 | 474.00 | NOTE | |
r-oldrel-osx-x86_64 | 1.3-7 | NOTE |
Version: 1.3-7
Check: installed package size
Result: NOTE
installed size is 9.4Mb
sub-directories of 1Mb or more:
R 2.1Mb
libs 6.3Mb
Flavors: r-devel-linux-x86_64-fedora-clang, r-devel-windows-ix86+x86_64, r-devel-windows-ix86+x86_64-gcc8, r-release-windows-ix86+x86_64, r-release-osx-x86_64, r-oldrel-windows-ix86+x86_64, r-oldrel-osx-x86_64