CRAN Package Check Results for Package rneos

Last updated on 2020-01-20 01:50:33 CET.

Flavor Version Tinstall Tcheck Ttotal Status Flags
r-devel-linux-x86_64-debian-clang 0.3-2 4.22 37.86 42.08 NOTE
r-devel-linux-x86_64-debian-gcc 0.3-2 4.41 29.77 34.18 NOTE
r-devel-linux-x86_64-fedora-clang 0.3-2 52.36 OK
r-devel-linux-x86_64-fedora-gcc 0.3-2 53.66 OK
r-devel-windows-ix86+x86_64 0.3-2 19.00 73.00 92.00 NOTE
r-devel-windows-ix86+x86_64-gcc8 0.3-2 13.00 73.00 86.00 NOTE
r-patched-linux-x86_64 0.3-2 3.80 33.10 36.90 NOTE
r-patched-solaris-x86 0.3-2 69.70 NOTE
r-release-linux-x86_64 0.3-2 3.60 32.63 36.23 NOTE
r-release-windows-ix86+x86_64 0.3-2 12.00 71.00 83.00 NOTE
r-release-osx-x86_64 0.3-2 NOTE
r-oldrel-windows-ix86+x86_64 0.3-2 7.00 46.00 53.00 NOTE
r-oldrel-osx-x86_64 0.3-2 NOTE

Check Details

Version: 0.3-2
Check: package dependencies
Result: NOTE
    Package suggested but not available for checking: 'XMLRPC'
Flavors: r-devel-linux-x86_64-debian-clang, r-devel-linux-x86_64-debian-gcc, r-devel-windows-ix86+x86_64, r-devel-windows-ix86+x86_64-gcc8, r-patched-linux-x86_64, r-patched-solaris-x86, r-release-linux-x86_64, r-release-windows-ix86+x86_64, r-release-osx-x86_64, r-oldrel-windows-ix86+x86_64, r-oldrel-osx-x86_64