CRAN Package Check Results for Package robustlmm

Last updated on 2020-01-20 01:50:33 CET.

Flavor Version Tinstall Tcheck Ttotal Status Flags
r-devel-linux-x86_64-debian-clang 2.3 220.32 340.12 560.44 OK
r-devel-linux-x86_64-debian-gcc 2.3 175.16 258.66 433.82 OK
r-devel-linux-x86_64-fedora-clang 2.3 710.79 NOTE
r-devel-linux-x86_64-fedora-gcc 2.3 708.99 OK
r-devel-windows-ix86+x86_64 2.3 531.00 447.00 978.00 OK
r-devel-windows-ix86+x86_64-gcc8 2.3 446.00 615.00 1061.00 NOTE
r-patched-linux-x86_64 2.3 192.38 284.39 476.77 OK
r-patched-solaris-x86 2.3 627.80 OK
r-release-linux-x86_64 2.3 192.88 286.40 479.28 OK
r-release-windows-ix86+x86_64 2.3 531.00 398.00 929.00 OK
r-release-osx-x86_64 2.3 NOTE
r-oldrel-windows-ix86+x86_64 2.3 376.00 482.00 858.00 OK
r-oldrel-osx-x86_64 2.3 NOTE

Check Details

Version: 2.3
Check: installed package size
Result: NOTE
     installed size is 32.8Mb
     sub-directories of 1Mb or more:
     libs 31.6Mb
Flavors: r-devel-linux-x86_64-fedora-clang, r-devel-windows-ix86+x86_64-gcc8, r-release-osx-x86_64, r-oldrel-osx-x86_64