CRAN Package Check Results for Package roughrf

Last updated on 2020-01-20 01:50:33 CET.

Flavor Version Tinstall Tcheck Ttotal Status Flags
r-devel-linux-x86_64-debian-clang 1.0 11.22 98.01 109.23 NOTE
r-devel-linux-x86_64-debian-gcc 1.0 8.90 73.77 82.67 NOTE
r-devel-linux-x86_64-fedora-clang 1.0 129.57 NOTE
r-devel-linux-x86_64-fedora-gcc 1.0 126.54 NOTE
r-devel-windows-ix86+x86_64 1.0 42.00 148.00 190.00 NOTE
r-devel-windows-ix86+x86_64-gcc8 1.0 26.00 150.00 176.00 NOTE
r-patched-linux-x86_64 1.0 9.92 84.18 94.10 NOTE
r-patched-solaris-x86 1.0 172.00 NOTE
r-release-linux-x86_64 1.0 8.41 83.15 91.56 NOTE
r-release-windows-ix86+x86_64 1.0 35.00 94.00 129.00 NOTE
r-release-osx-x86_64 1.0 NOTE
r-oldrel-windows-ix86+x86_64 1.0 13.00 115.00 128.00 NOTE
r-oldrel-osx-x86_64 1.0 NOTE

Check Details

Version: 1.0
Check: R code for possible problems
Result: NOTE
    mfix : m4m: no visible global function definition for 'median'
    rrfa: no visible global function definition for 'predict'
    rrfb: no visible global function definition for 'predict'
    rrfc1: no visible global function definition for 'predict'
    rrfc2: no visible global function definition for 'predict'
    rrfc3: no visible global function definition for 'predict'
    rrfc4: no visible global function definition for 'predict'
    rrfc5 : regdat: no visible global function definition for 'predict'
    rrfc5 : regdat: no visible global function definition for 'glm'
    rrfc5: no visible global function definition for 'predict'
    rrfc6: no visible global function definition for 'predict'
    rrfc7: no visible global function definition for 'predict'
    rrfd: no visible global function definition for 'predict'
    rrfe : rdms: no visible global function definition for 'rbinom'
    rrfe: no visible global function definition for 'predict'
    Undefined global functions or variables:
     glm median predict rbinom
    Consider adding
     importFrom("stats", "glm", "median", "predict", "rbinom")
    to your NAMESPACE file.
Flavors: r-devel-linux-x86_64-debian-clang, r-devel-linux-x86_64-debian-gcc, r-devel-linux-x86_64-fedora-clang, r-devel-linux-x86_64-fedora-gcc, r-devel-windows-ix86+x86_64, r-devel-windows-ix86+x86_64-gcc8, r-patched-linux-x86_64, r-patched-solaris-x86, r-release-linux-x86_64, r-release-windows-ix86+x86_64, r-release-osx-x86_64, r-oldrel-windows-ix86+x86_64, r-oldrel-osx-x86_64