Last updated on 2020-01-20 01:50:34 CET.
Flavor | Version | Tinstall | Tcheck | Ttotal | Status | Flags |
---|---|---|---|---|---|---|
r-devel-linux-x86_64-debian-clang | 0.5 | 1.96 | 19.29 | 21.25 | NOTE | |
r-devel-linux-x86_64-debian-gcc | 0.5 | 1.64 | 15.50 | 17.14 | NOTE | |
r-devel-linux-x86_64-fedora-clang | 0.5 | 27.13 | NOTE | |||
r-devel-linux-x86_64-fedora-gcc | 0.5 | 25.77 | NOTE | |||
r-devel-windows-ix86+x86_64 | 0.5 | 9.00 | 35.00 | 44.00 | NOTE | |
r-devel-windows-ix86+x86_64-gcc8 | 0.5 | 5.00 | 46.00 | 51.00 | NOTE | |
r-patched-linux-x86_64 | 0.5 | 1.71 | 17.69 | 19.40 | NOTE | |
r-patched-solaris-x86 | 0.5 | 37.60 | NOTE | |||
r-release-linux-x86_64 | 0.5 | 1.47 | 17.79 | 19.26 | NOTE | |
r-release-windows-ix86+x86_64 | 0.5 | 8.00 | 32.00 | 40.00 | NOTE | |
r-release-osx-x86_64 | 0.5 | NOTE | ||||
r-oldrel-windows-ix86+x86_64 | 0.5 | 2.00 | 42.00 | 44.00 | NOTE | |
r-oldrel-osx-x86_64 | 0.5 | NOTE |
Version: 0.5
Check: DESCRIPTION meta-information
Result: NOTE
Malformed Title field: should not end in a period.
Flavors: r-devel-linux-x86_64-debian-clang, r-devel-linux-x86_64-debian-gcc, r-devel-linux-x86_64-fedora-clang, r-devel-linux-x86_64-fedora-gcc, r-devel-windows-ix86+x86_64, r-devel-windows-ix86+x86_64-gcc8, r-patched-linux-x86_64, r-patched-solaris-x86, r-release-linux-x86_64, r-release-windows-ix86+x86_64, r-release-osx-x86_64, r-oldrel-windows-ix86+x86_64, r-oldrel-osx-x86_64
Version: 0.5
Check: dependencies in R code
Result: NOTE
'library' or 'require' call to 'RODBC' in package code.
Please use :: or requireNamespace() instead.
See section 'Suggested packages' in the 'Writing R Extensions' manual.
Flavors: r-devel-linux-x86_64-debian-clang, r-devel-linux-x86_64-debian-gcc, r-devel-linux-x86_64-fedora-clang, r-devel-linux-x86_64-fedora-gcc, r-devel-windows-ix86+x86_64, r-devel-windows-ix86+x86_64-gcc8, r-patched-linux-x86_64, r-patched-solaris-x86, r-release-linux-x86_64, r-release-windows-ix86+x86_64, r-release-osx-x86_64, r-oldrel-windows-ix86+x86_64, r-oldrel-osx-x86_64
Version: 0.5
Check: R code for possible problems
Result: NOTE
rpart.rules.push: no visible global function definition for 'sqlSave'
rpart.rules.table : <anonymous>: no visible global function definition
for 'setNames'
rpart.subrules.table : <anonymous>: no visible global function
definition for 'setNames'
Undefined global functions or variables:
setNames sqlSave
Consider adding
importFrom("stats", "setNames")
to your NAMESPACE file.
Flavors: r-devel-linux-x86_64-debian-clang, r-devel-linux-x86_64-debian-gcc, r-devel-linux-x86_64-fedora-clang, r-devel-linux-x86_64-fedora-gcc, r-devel-windows-ix86+x86_64, r-devel-windows-ix86+x86_64-gcc8, r-patched-linux-x86_64, r-patched-solaris-x86, r-release-linux-x86_64, r-release-windows-ix86+x86_64, r-release-osx-x86_64, r-oldrel-windows-ix86+x86_64, r-oldrel-osx-x86_64