Last updated on 2020-01-20 01:50:34 CET.
Flavor | Version | Tinstall | Tcheck | Ttotal | Status | Flags |
---|---|---|---|---|---|---|
r-devel-linux-x86_64-debian-clang | 1.0.0 | 7.51 | 82.44 | 89.95 | OK | |
r-devel-linux-x86_64-debian-gcc | 1.0.0 | 6.59 | 61.22 | 67.81 | OK | |
r-devel-linux-x86_64-fedora-clang | 1.0.0 | 104.23 | NOTE | |||
r-devel-linux-x86_64-fedora-gcc | 1.0.0 | 101.54 | NOTE | |||
r-devel-windows-ix86+x86_64 | 1.0.0 | 28.00 | 134.00 | 162.00 | OK | |
r-devel-windows-ix86+x86_64-gcc8 | 1.0.0 | 19.00 | 131.00 | 150.00 | OK | |
r-patched-linux-x86_64 | 1.0.0 | 6.85 | 73.01 | 79.86 | OK | |
r-patched-solaris-x86 | 1.0.0 | 137.60 | NOTE | |||
r-release-linux-x86_64 | 1.0.0 | 6.72 | 72.99 | 79.71 | OK | |
r-release-windows-ix86+x86_64 | 1.0.0 | 21.00 | 83.00 | 104.00 | OK | |
r-release-osx-x86_64 | 1.0.0 | NOTE | ||||
r-oldrel-windows-ix86+x86_64 | 1.0.0 | 9.00 | 82.00 | 91.00 | OK | |
r-oldrel-osx-x86_64 | 1.0.0 | NOTE |
Version: 1.0.0
Check: dependencies in R code
Result: NOTE
Namespace in Imports field not imported from: ‘Rcpp’
All declared Imports should be used.
Flavors: r-devel-linux-x86_64-fedora-clang, r-devel-linux-x86_64-fedora-gcc, r-patched-solaris-x86, r-release-osx-x86_64, r-oldrel-osx-x86_64