CRAN Package Check Results for Package rsinaica

Last updated on 2020-01-20 01:50:34 CET.

Flavor Version Tinstall Tcheck Ttotal Status Flags
r-devel-linux-x86_64-debian-clang 0.6.1 6.05 44.08 50.13 OK
r-devel-linux-x86_64-debian-gcc 0.6.1 4.45 33.63 38.08 OK
r-devel-linux-x86_64-fedora-clang 0.6.1 60.23 NOTE
r-devel-linux-x86_64-fedora-gcc 0.6.1 58.44 NOTE
r-devel-windows-ix86+x86_64 0.6.1 20.00 81.00 101.00 OK
r-devel-windows-ix86+x86_64-gcc8 0.6.1 14.00 86.00 100.00 OK
r-patched-linux-x86_64 0.6.1 4.38 38.93 43.31 OK
r-patched-solaris-x86 0.6.1 80.70 NOTE
r-release-linux-x86_64 0.6.1 4.47 38.61 43.08 OK
r-release-windows-ix86+x86_64 0.6.1 15.00 55.00 70.00 OK
r-release-osx-x86_64 0.6.1 NOTE
r-oldrel-windows-ix86+x86_64 0.6.1 5.00 53.00 58.00 OK
r-oldrel-osx-x86_64 0.6.1 NOTE

Check Details

Version: 0.6.1
Check: data for non-ASCII characters
Result: NOTE
     Note: found 467 marked UTF-8 strings
Flavors: r-devel-linux-x86_64-fedora-clang, r-devel-linux-x86_64-fedora-gcc, r-patched-solaris-x86, r-release-osx-x86_64, r-oldrel-osx-x86_64