Last updated on 2020-01-20 01:50:34 CET.
Flavor | Version | Tinstall | Tcheck | Ttotal | Status | Flags |
---|---|---|---|---|---|---|
r-devel-linux-x86_64-debian-clang | 0.4.1 | 2.50 | 22.36 | 24.86 | OK | |
r-devel-linux-x86_64-debian-gcc | 0.4.1 | 1.96 | 17.28 | 19.24 | OK | |
r-devel-linux-x86_64-fedora-clang | 0.4.1 | 30.23 | NOTE | |||
r-devel-linux-x86_64-fedora-gcc | 0.4.1 | 28.87 | NOTE | |||
r-devel-windows-ix86+x86_64 | 0.4.1 | 9.00 | 35.00 | 44.00 | OK | |
r-devel-windows-ix86+x86_64-gcc8 | 0.4.1 | 7.00 | 49.00 | 56.00 | OK | |
r-patched-linux-x86_64 | 0.4.1 | 1.64 | 20.09 | 21.73 | OK | |
r-patched-solaris-x86 | 0.4.1 | 40.80 | NOTE | |||
r-release-linux-x86_64 | 0.4.1 | 1.97 | 19.89 | 21.86 | OK | |
r-release-windows-ix86+x86_64 | 0.4.1 | 7.00 | 32.00 | 39.00 | OK | |
r-release-osx-x86_64 | 0.4.1 | NOTE | ||||
r-oldrel-windows-ix86+x86_64 | 0.4.1 | 2.00 | 38.00 | 40.00 | OK | |
r-oldrel-osx-x86_64 | 0.4.1 | NOTE |
Version: 0.4.1
Check: dependencies in R code
Result: NOTE
Namespaces in Imports field not imported from:
‘miniUI’ ‘shiny’
All declared Imports should be used.
Flavors: r-devel-linux-x86_64-fedora-clang, r-devel-linux-x86_64-fedora-gcc, r-patched-solaris-x86, r-release-osx-x86_64, r-oldrel-osx-x86_64