Last updated on 2020-01-20 01:50:34 CET.
Flavor | Version | Tinstall | Tcheck | Ttotal | Status | Flags |
---|---|---|---|---|---|---|
r-devel-linux-x86_64-debian-clang | 0.1.0 | 2.00 | 23.99 | 25.99 | ERROR | |
r-devel-linux-x86_64-debian-gcc | 0.1.0 | 1.68 | 18.85 | 20.53 | OK | |
r-devel-linux-x86_64-fedora-clang | 0.1.0 | 32.33 | OK | |||
r-devel-linux-x86_64-fedora-gcc | 0.1.0 | 32.86 | OK | |||
r-devel-windows-ix86+x86_64 | 0.1.0 | 7.00 | 38.00 | 45.00 | OK | |
r-devel-windows-ix86+x86_64-gcc8 | 0.1.0 | 5.00 | 54.00 | 59.00 | OK | |
r-patched-linux-x86_64 | 0.1.0 | 1.59 | 21.96 | 23.55 | OK | |
r-patched-solaris-x86 | 0.1.0 | 44.00 | OK | |||
r-release-linux-x86_64 | 0.1.0 | 1.66 | 21.99 | 23.65 | OK | |
r-release-windows-ix86+x86_64 | 0.1.0 | 7.00 | 56.00 | 63.00 | OK | |
r-release-osx-x86_64 | 0.1.0 | OK | ||||
r-oldrel-windows-ix86+x86_64 | 0.1.0 | 2.00 | 41.00 | 43.00 | OK | |
r-oldrel-osx-x86_64 | 0.1.0 | OK |
Version: 0.1.0
Check: examples
Result: ERROR
Running examples in 'rslp-Ex.R' failed
The error most likely occurred in:
> base::assign(".ptime", proc.time(), pos = "CheckExEnv")
> ### Name: apply_rules
> ### Title: Apply rules
> ### Aliases: apply_rules
>
> ### ** Examples
>
> steprules <- readRDS(system.file("steprules.rds", package = "rslp"))
> rslp:::apply_rules("balões", name = "Plural", steprules)
Warning in stri_length(string) :
invalid UTF-8 byte sequence detected; try calling stri_enc_toutf8()
Error in if (word_len >= rules$min_word_len) { :
missing value where TRUE/FALSE needed
Calls: <Anonymous>
Execution halted
Flavor: r-devel-linux-x86_64-debian-clang