Last updated on 2020-01-20 01:50:34 CET.
Flavor | Version | Tinstall | Tcheck | Ttotal | Status | Flags |
---|---|---|---|---|---|---|
r-devel-linux-x86_64-debian-clang | 0.2 | 5.46 | 44.81 | 50.27 | NOTE | |
r-devel-linux-x86_64-debian-gcc | 0.2 | 4.52 | 34.33 | 38.85 | NOTE | |
r-devel-linux-x86_64-fedora-clang | 0.2 | 62.98 | OK | |||
r-devel-linux-x86_64-fedora-gcc | 0.2 | 61.26 | OK | |||
r-devel-windows-ix86+x86_64 | 0.2 | 18.00 | 85.00 | 103.00 | NOTE | |
r-devel-windows-ix86+x86_64-gcc8 | 0.2 | 12.00 | 76.00 | 88.00 | NOTE | |
r-patched-linux-x86_64 | 0.2 | 5.05 | 42.32 | 47.37 | OK | |
r-patched-solaris-x86 | 0.2 | 74.30 | OK | |||
r-release-linux-x86_64 | 0.2 | 4.34 | 41.94 | 46.28 | OK | |
r-release-windows-ix86+x86_64 | 0.2 | 12.00 | 58.00 | 70.00 | OK | |
r-release-osx-x86_64 | 0.2 | OK | ||||
r-oldrel-windows-ix86+x86_64 | 0.2 | 7.00 | 49.00 | 56.00 | OK | |
r-oldrel-osx-x86_64 | 0.2 | OK |
Version: 0.2
Check: package vignettes
Result: NOTE
Package vignette with placeholder title 'Vignette Title':
'main-vignette.Rmd'
Flavors: r-devel-linux-x86_64-debian-clang, r-devel-linux-x86_64-debian-gcc, r-devel-windows-ix86+x86_64, r-devel-windows-ix86+x86_64-gcc8