CRAN Package Check Results for Package rvHPDT

Last updated on 2020-01-20 01:50:34 CET.

Flavor Version Tinstall Tcheck Ttotal Status Flags
r-devel-linux-x86_64-debian-clang 3.0 3.77 24.90 28.67 NOTE
r-devel-linux-x86_64-debian-gcc 3.0 2.93 19.87 22.80 NOTE
r-devel-linux-x86_64-fedora-clang 3.0 34.97 NOTE
r-devel-linux-x86_64-fedora-gcc 3.0 33.42 NOTE
r-devel-windows-ix86+x86_64 3.0 10.00 50.00 60.00 NOTE
r-devel-windows-ix86+x86_64-gcc8 3.0 6.00 49.00 55.00 NOTE
r-patched-linux-x86_64 3.0 2.77 22.78 25.55 NOTE
r-patched-solaris-x86 3.0 46.10 NOTE
r-release-linux-x86_64 3.0 2.29 22.88 25.17 NOTE
r-release-windows-ix86+x86_64 3.0 5.00 45.00 50.00 NOTE
r-release-osx-x86_64 3.0 NOTE
r-oldrel-windows-ix86+x86_64 3.0 3.00 31.00 34.00 NOTE
r-oldrel-osx-x86_64 3.0 NOTE

Check Details

Version: 3.0
Check: DESCRIPTION meta-information
Result: NOTE
    Malformed Title field: should not end in a period.
Flavors: r-devel-linux-x86_64-debian-clang, r-devel-linux-x86_64-debian-gcc, r-devel-linux-x86_64-fedora-clang, r-devel-linux-x86_64-fedora-gcc, r-devel-windows-ix86+x86_64, r-devel-windows-ix86+x86_64-gcc8, r-patched-linux-x86_64, r-patched-solaris-x86, r-release-linux-x86_64, r-release-windows-ix86+x86_64, r-release-osx-x86_64, r-oldrel-windows-ix86+x86_64, r-oldrel-osx-x86_64

Version: 3.0
Check: R code for possible problems
Result: NOTE
    HapMendlianCheck: no visible global function definition for
     'write.table'
    rvPDT.test.sub: no visible global function definition for 'pnorm'
    whap.prehap: no visible global function definition for 'write.table'
    whap.prehap: no visible global function definition for 'read.table'
    Undefined global functions or variables:
     pnorm read.table write.table
    Consider adding
     importFrom("stats", "pnorm")
     importFrom("utils", "read.table", "write.table")
    to your NAMESPACE file.
Flavors: r-devel-linux-x86_64-debian-clang, r-devel-linux-x86_64-debian-gcc, r-devel-linux-x86_64-fedora-clang, r-devel-linux-x86_64-fedora-gcc, r-devel-windows-ix86+x86_64, r-devel-windows-ix86+x86_64-gcc8, r-patched-linux-x86_64, r-patched-solaris-x86, r-release-linux-x86_64, r-release-windows-ix86+x86_64, r-release-osx-x86_64, r-oldrel-windows-ix86+x86_64, r-oldrel-osx-x86_64