CRAN Package Check Results for Package rxylib

Last updated on 2020-01-20 01:50:34 CET.

Flavor Version Tinstall Tcheck Ttotal Status Flags
r-devel-linux-x86_64-debian-clang 0.2.4 111.33 27.53 138.86 OK
r-devel-linux-x86_64-debian-gcc 0.2.4 83.13 22.22 105.35 OK
r-devel-linux-x86_64-fedora-clang 0.2.4 216.52 NOTE
r-devel-linux-x86_64-fedora-gcc 0.2.4 199.61 OK
r-devel-windows-ix86+x86_64 0.2.4 308.00 64.00 372.00 OK
r-devel-windows-ix86+x86_64-gcc8 0.2.4 244.00 84.00 328.00 OK
r-patched-linux-x86_64 0.2.4 92.89 25.02 117.91 OK
r-patched-solaris-x86 0.2.4 176.50 OK
r-release-linux-x86_64 0.2.4 95.51 25.02 120.53 OK
r-release-windows-ix86+x86_64 0.2.4 296.00 92.00 388.00 OK
r-release-osx-x86_64 0.2.4 NOTE
r-oldrel-windows-ix86+x86_64 0.2.4 221.00 78.00 299.00 OK
r-oldrel-osx-x86_64 0.2.4 NOTE

Check Details

Version: 0.2.4
Check: installed package size
Result: NOTE
     installed size is 9.9Mb
     sub-directories of 1Mb or more:
     libs 9.5Mb
Flavors: r-devel-linux-x86_64-fedora-clang, r-release-osx-x86_64, r-oldrel-osx-x86_64