Last updated on 2020-01-20 01:50:34 CET.
Flavor | Version | Tinstall | Tcheck | Ttotal | Status | Flags |
---|---|---|---|---|---|---|
r-devel-linux-x86_64-debian-clang | 2.0-2 | 4.95 | 33.57 | 38.52 | OK | |
r-devel-linux-x86_64-debian-gcc | 2.0-2 | 3.62 | 26.16 | 29.78 | OK | |
r-devel-linux-x86_64-fedora-clang | 2.0-2 | 46.05 | NOTE | |||
r-devel-linux-x86_64-fedora-gcc | 2.0-2 | 44.24 | NOTE | |||
r-devel-windows-ix86+x86_64 | 2.0-2 | 16.00 | 56.00 | 72.00 | OK | |
r-devel-windows-ix86+x86_64-gcc8 | 2.0-2 | 16.00 | 72.00 | 88.00 | OK | |
r-patched-linux-x86_64 | 2.0-2 | 3.12 | 29.97 | 33.09 | OK | |
r-patched-solaris-x86 | 2.0-2 | 57.40 | OK | |||
r-release-linux-x86_64 | 2.0-2 | 3.99 | 29.88 | 33.87 | OK | |
r-release-windows-ix86+x86_64 | 2.0-2 | 16.00 | 53.00 | 69.00 | OK | |
r-release-osx-x86_64 | 2.0-2 | OK | ||||
r-oldrel-windows-ix86+x86_64 | 2.0-2 | 8.00 | 67.00 | 75.00 | OK | |
r-oldrel-osx-x86_64 | 2.0-2 | OK |
Version: 2.0-2
Check: compiled code
Result: NOTE
File ‘sapa/libs/sapa.so’:
Found no calls to: ‘R_registerRoutines’, ‘R_useDynamicSymbols’
It is good practice to register native routines and to disable symbol
search.
See ‘Writing portable packages’ in the ‘Writing R Extensions’ manual.
Flavors: r-devel-linux-x86_64-fedora-clang, r-devel-linux-x86_64-fedora-gcc