CRAN Package Check Results for Package scalpel

Last updated on 2020-01-20 01:50:34 CET.

Flavor Version Tinstall Tcheck Ttotal Status Flags
r-devel-linux-x86_64-debian-clang 1.0.1 10.53 68.56 79.09 OK
r-devel-linux-x86_64-debian-gcc 1.0.1 8.36 54.45 62.81 OK
r-devel-linux-x86_64-fedora-clang 1.0.1 96.90 WARN
r-devel-linux-x86_64-fedora-gcc 1.0.1 93.70 OK
r-devel-windows-ix86+x86_64 1.0.1 28.00 106.00 134.00 OK
r-devel-windows-ix86+x86_64-gcc8 1.0.1 18.00 106.00 124.00 OK
r-patched-linux-x86_64 1.0.1 8.97 61.67 70.64 OK
r-patched-solaris-x86 1.0.1 124.50 OK
r-release-linux-x86_64 1.0.1 9.48 61.55 71.03 OK
r-release-windows-ix86+x86_64 1.0.1 25.00 73.00 98.00 OK
r-release-osx-x86_64 1.0.1 OK
r-oldrel-windows-ix86+x86_64 1.0.1 9.00 61.00 70.00 OK
r-oldrel-osx-x86_64 1.0.1 OK

Check Details

Version: 1.0.1
Check: package dependencies
Result: WARN
    Requires orphaned package: ‘SDMTools’
Flavor: r-devel-linux-x86_64-fedora-clang