CRAN Package Check Results for Package seagull

Last updated on 2020-01-20 01:50:34 CET.

Flavor Version Tinstall Tcheck Ttotal Status Flags
r-devel-windows-ix86+x86_64-gcc8 1.0.3 307.00 214.00 521.00 OK
r-patched-solaris-x86 1.0.3 3860.50 ERROR

Check Details

Version: 1.0.3
Check: examples
Result: ERROR
    Running examples in ‘seagull-Ex.R’ failed
    The error most likely occurred in:
    
    > ### Name: seagull
    > ### Title: Mixed model fitting with lasso, group lasso, or sparse-group
    > ### lasso regularization
    > ### Aliases: seagull
    > ### Keywords: models regression
    >
    > ### ** Examples
    >
    > set.seed(62)
    > n <- 50 ## observations
    > p <- 8 ## variables
    >
    > ## Create a deisng matrix X for fixed effects to model the intercept:
    > X <- matrix(1, nrow = n, ncol = 1)
    >
    > ## Create a design matrix Z for random effects:
    > Z <- matrix(rnorm(p * n, mean = 0, sd = 1), nrow = n)
    >
    > ## Intercept b, random effect vector u, and response y:
    > b <- 0.2
    > u <- c(0, 1.5, 0, 0.5, 0, 0, -2, 1)
    > y <- X%*%b + Z%*%u + rnorm(n, mean = 0, sd = 1)
    >
    > ## Create a vector of three groups corresponding to vector u:
    > group_indices <- c(1L, 2L, 2L, 2L, 1L, 1L, 3L, 1L)
    >
    > ## Calculate the solution:
    > fit_l <- seagull(y = y, X = X, Z = Z, alpha = 1.0)
Flavor: r-patched-solaris-x86

Version: 1.0.3
Check: re-building of vignette outputs
Result: WARN
    Error(s) in re-building vignettes:
     ...
    --- re-building ‘seagull.Rmd’ using rmarkdown
    Warning in engine$weave(file, quiet = quiet, encoding = enc) :
     Pandoc (>= 1.12.3) and/or pandoc-citeproc not available. Falling back to R Markdown v1.
Flavor: r-patched-solaris-x86