CRAN Package Check Results for Package secr

Last updated on 2020-01-20 01:50:34 CET.

Flavor Version Tinstall Tcheck Ttotal Status Flags
r-devel-linux-x86_64-debian-clang 4.1.0 273.98 310.42 584.40 NOTE
r-devel-linux-x86_64-debian-gcc 4.1.0 216.11 233.41 449.52 NOTE
r-devel-linux-x86_64-fedora-clang 4.1.0 763.56 NOTE
r-devel-linux-x86_64-fedora-gcc 4.1.0 755.83 NOTE
r-devel-windows-ix86+x86_64 4.1.0 711.00 582.00 1293.00 NOTE
r-devel-windows-ix86+x86_64-gcc8 4.1.0 560.00 612.00 1172.00 NOTE
r-patched-linux-x86_64 4.1.0 242.91 274.60 517.51 NOTE
r-patched-solaris-x86 4.1.0 715.80 NOTE
r-release-linux-x86_64 4.1.0 239.27 275.23 514.50 NOTE
r-release-windows-ix86+x86_64 4.1.0 717.00 424.00 1141.00 NOTE
r-release-osx-x86_64 4.1.0 NOTE
r-oldrel-windows-ix86+x86_64 4.1.0 488.00 306.00 794.00 NOTE
r-oldrel-osx-x86_64 4.1.0 NOTE

Check Details

Version: 4.1.0
Check: for GNU extensions in Makefiles
Result: NOTE
    GNU make is a SystemRequirements.
Flavors: r-devel-linux-x86_64-debian-clang, r-devel-linux-x86_64-debian-gcc, r-devel-linux-x86_64-fedora-clang, r-devel-linux-x86_64-fedora-gcc, r-devel-windows-ix86+x86_64, r-devel-windows-ix86+x86_64-gcc8, r-patched-linux-x86_64, r-patched-solaris-x86, r-release-linux-x86_64, r-release-windows-ix86+x86_64, r-release-osx-x86_64, r-oldrel-windows-ix86+x86_64, r-oldrel-osx-x86_64

Version: 4.1.0
Check: installed package size
Result: NOTE
     installed size is 18.3Mb
     sub-directories of 1Mb or more:
     R 1.4Mb
     libs 15.3Mb
Flavors: r-devel-linux-x86_64-fedora-clang, r-devel-windows-ix86+x86_64, r-devel-windows-ix86+x86_64-gcc8, r-release-windows-ix86+x86_64, r-release-osx-x86_64, r-oldrel-windows-ix86+x86_64, r-oldrel-osx-x86_64