Last updated on 2020-01-20 01:50:35 CET.
Flavor | Version | Tinstall | Tcheck | Ttotal | Status | Flags |
---|---|---|---|---|---|---|
r-devel-linux-x86_64-debian-clang | 2.3.1 | 16.25 | 135.22 | 151.47 | NOTE | |
r-devel-linux-x86_64-debian-gcc | 2.3.1 | 14.17 | 103.89 | 118.06 | NOTE | |
r-devel-linux-x86_64-fedora-clang | 2.3.1 | 179.66 | NOTE | |||
r-devel-linux-x86_64-fedora-gcc | 2.3.1 | 171.69 | NOTE | |||
r-devel-windows-ix86+x86_64 | 2.3.1 | 46.00 | 126.00 | 172.00 | OK | |
r-devel-windows-ix86+x86_64-gcc8 | 2.3.1 | 28.00 | 180.00 | 208.00 | OK | |
r-patched-linux-x86_64 | 2.3.1 | 13.85 | 114.83 | 128.68 | OK | |
r-patched-solaris-x86 | 2.3.1 | 231.00 | OK | |||
r-release-linux-x86_64 | 2.3.1 | 14.20 | 116.72 | 130.92 | OK | |
r-release-windows-ix86+x86_64 | 2.3.1 | 40.00 | 112.00 | 152.00 | OK | |
r-release-osx-x86_64 | 2.3.1 | OK | ||||
r-oldrel-windows-ix86+x86_64 | 2.3.1 | 18.00 | 110.00 | 128.00 | OK | |
r-oldrel-osx-x86_64 | 2.3.1 | OK |
Version: 2.3.1
Check: for non-standard things in the check directory
Result: NOTE
Found the following files/directories:
'Rprof.out'
Flavors: r-devel-linux-x86_64-debian-clang, r-devel-linux-x86_64-debian-gcc, r-devel-linux-x86_64-fedora-clang, r-devel-linux-x86_64-fedora-gcc