Last updated on 2020-01-20 01:50:35 CET.
Flavor | Version | Tinstall | Tcheck | Ttotal | Status | Flags |
---|---|---|---|---|---|---|
r-devel-linux-x86_64-debian-clang | 0.8-0 | 181.42 | 231.94 | 413.36 | OK | |
r-devel-linux-x86_64-debian-gcc | 0.8-0 | 121.55 | 171.62 | 293.17 | OK | |
r-devel-linux-x86_64-fedora-clang | 0.8-0 | 537.47 | NOTE | |||
r-devel-linux-x86_64-fedora-gcc | 0.8-0 | 548.59 | OK | |||
r-devel-windows-ix86+x86_64 | 0.8-0 | 514.00 | 824.00 | 1338.00 | NOTE | |
r-devel-windows-ix86+x86_64-gcc8 | 0.8-0 | 398.00 | 795.00 | 1193.00 | NOTE | |
r-patched-linux-x86_64 | 0.8-0 | 139.78 | 206.95 | 346.73 | OK | |
r-patched-solaris-x86 | 0.8-0 | 528.80 | WARN | |||
r-release-linux-x86_64 | 0.8-0 | 144.27 | 206.53 | 350.80 | OK | |
r-release-windows-ix86+x86_64 | 0.8-0 | 503.00 | 826.00 | 1329.00 | NOTE | |
r-release-osx-x86_64 | 0.8-0 | WARN | ||||
r-oldrel-windows-ix86+x86_64 | 0.8-0 | 363.00 | 606.00 | 969.00 | NOTE | |
r-oldrel-osx-x86_64 | 0.8-0 | WARN |
Version: 0.8-0
Check: installed package size
Result: NOTE
installed size is 24.4Mb
sub-directories of 1Mb or more:
doc 12.0Mb
libs 8.3Mb
sqlite 1.5Mb
Flavors: r-devel-linux-x86_64-fedora-clang, r-devel-windows-ix86+x86_64, r-devel-windows-ix86+x86_64-gcc8, r-patched-solaris-x86, r-release-windows-ix86+x86_64, r-release-osx-x86_64, r-oldrel-windows-ix86+x86_64, r-oldrel-osx-x86_64
Version: 0.8-0
Check: package dependencies
Result: NOTE
Package suggested but not available for checking: ‘RPostgres’
Flavor: r-patched-solaris-x86
Version: 0.8-0
Check: re-building of vignette outputs
Result: WARN
Error(s) in re-building vignettes:
...
--- re-building ‘sf1.Rmd’ using rmarkdown
Warning in engine$weave(file, quiet = quiet, encoding = enc) :
Pandoc (>= 1.12.3) and/or pandoc-citeproc not available. Falling back to R Markdown v1.
--- finished re-building ‘sf1.Rmd’
--- re-building ‘sf2.Rmd’ using rmarkdown
Warning in engine$weave(file, quiet = quiet, encoding = enc) :
Pandoc (>= 1.12.3) and/or pandoc-citeproc not available. Falling back to R Markdown v1.
--- finished re-building ‘sf2.Rmd’
--- re-building ‘sf3.Rmd’ using rmarkdown
Warning in engine$weave(file, quiet = quiet, encoding = enc) :
Pandoc (>= 1.12.3) and/or pandoc-citeproc not available. Falling back to R Markdown v1.
--- finished re-building ‘sf3.Rmd’
--- re-building ‘sf4.Rmd’ using rmarkdown
Warning in engine$weave(file, quiet = quiet, encoding = enc) :
Pandoc (>= 1.12.3) and/or pandoc-citeproc not available. Falling back to R Markdown v1.
--- finished re-building ‘sf4.Rmd’
--- re-building ‘sf5.Rmd’ using rmarkdown
Warning in engine$weave(file, quiet = quiet, encoding = enc) :
Pandoc (>= 1.12.3) and/or pandoc-citeproc not available. Falling back to R Markdown v1.
Quitting from lines 213-215 (sf5.Rmd)
Error: processing vignette 'sf5.Rmd' failed with diagnostics:
cannot open the connection
--- failed re-building ‘sf5.Rmd’
--- re-building ‘sf6.Rmd’ using rmarkdown
Warning in engine$weave(file, quiet = quiet, encoding = enc) :
Pandoc (>= 1.12.3) and/or pandoc-citeproc not available. Falling back to R Markdown v1.
--- finished re-building ‘sf6.Rmd’
SUMMARY: processing the following file failed:
‘sf5.Rmd’
Error: Vignette re-building failed.
Execution halted
Flavor: r-patched-solaris-x86
Version: 0.8-0
Check: re-building of vignette outputs
Result: WARN
Error(s) in re-building vignettes:
--- re-building ‘sf1.Rmd’ using rmarkdown
Warning in engine$weave(file, quiet = quiet, encoding = enc) :
Pandoc (>= 1.12.3) and/or pandoc-citeproc not available. Falling back to R Markdown v1.
--- finished re-building ‘sf1.Rmd’
--- re-building ‘sf2.Rmd’ using rmarkdown
Warning in engine$weave(file, quiet = quiet, encoding = enc) :
Pandoc (>= 1.12.3) and/or pandoc-citeproc not available. Falling back to R Markdown v1.
--- finished re-building ‘sf2.Rmd’
--- re-building ‘sf3.Rmd’ using rmarkdown
Warning in engine$weave(file, quiet = quiet, encoding = enc) :
Pandoc (>= 1.12.3) and/or pandoc-citeproc not available. Falling back to R Markdown v1.
--- finished re-building ‘sf3.Rmd’
--- re-building ‘sf4.Rmd’ using rmarkdown
Warning in engine$weave(file, quiet = quiet, encoding = enc) :
Pandoc (>= 1.12.3) and/or pandoc-citeproc not available. Falling back to R Markdown v1.
--- finished re-building ‘sf4.Rmd’
--- re-building ‘sf5.Rmd’ using rmarkdown
Warning in engine$weave(file, quiet = quiet, encoding = enc) :
Pandoc (>= 1.12.3) and/or pandoc-citeproc not available. Falling back to R Markdown v1.
Quitting from lines 213-215 (sf5.Rmd)
Error: processing vignette 'sf5.Rmd' failed with diagnostics:
cannot open the connection
--- failed re-building ‘sf5.Rmd’
--- re-building ‘sf6.Rmd’ using rmarkdown
Warning in engine$weave(file, quiet = quiet, encoding = enc) :
Pandoc (>= 1.12.3) and/or pandoc-citeproc not available. Falling back to R Markdown v1.
--- finished re-building ‘sf6.Rmd’
SUMMARY: processing the following file failed:
‘sf5.Rmd’
Error: Vignette re-building failed.
Execution halted
Flavor: r-release-osx-x86_64
Version: 0.8-0
Check: re-building of vignette outputs
Result: WARN
Error in re-building vignettes:
...
Warning in engine$weave(file, quiet = quiet, encoding = enc) :
Pandoc (>= 1.12.3) and/or pandoc-citeproc not available. Falling back to R Markdown v1.
Warning in engine$weave(file, quiet = quiet, encoding = enc) :
Pandoc (>= 1.12.3) and/or pandoc-citeproc not available. Falling back to R Markdown v1.
Warning in engine$weave(file, quiet = quiet, encoding = enc) :
Pandoc (>= 1.12.3) and/or pandoc-citeproc not available. Falling back to R Markdown v1.
Warning in engine$weave(file, quiet = quiet, encoding = enc) :
Pandoc (>= 1.12.3) and/or pandoc-citeproc not available. Falling back to R Markdown v1.
Warning in engine$weave(file, quiet = quiet, encoding = enc) :
Pandoc (>= 1.12.3) and/or pandoc-citeproc not available. Falling back to R Markdown v1.
Quitting from lines 213-215 (sf5.Rmd)
Error: processing vignette 'sf5.Rmd' failed with diagnostics:
cannot open the connection
Execution halted
Flavor: r-oldrel-osx-x86_64