Last updated on 2020-01-20 01:50:35 CET.
Flavor | Version | Tinstall | Tcheck | Ttotal | Status | Flags |
---|---|---|---|---|---|---|
r-devel-linux-x86_64-debian-clang | 0.1.0 | 6.24 | 52.75 | 58.99 | OK | |
r-devel-linux-x86_64-debian-gcc | 0.1.0 | 4.44 | 41.76 | 46.20 | OK | |
r-devel-linux-x86_64-fedora-clang | 0.1.0 | 71.63 | OK | |||
r-devel-linux-x86_64-fedora-gcc | 0.1.0 | 71.97 | OK | |||
r-devel-windows-ix86+x86_64 | 0.1.0 | 25.00 | 107.00 | 132.00 | OK | |
r-devel-windows-ix86+x86_64-gcc8 | 0.1.0 | 16.00 | 118.00 | 134.00 | OK | |
r-patched-linux-x86_64 | 0.1.0 | 5.35 | 49.58 | 54.93 | OK | |
r-patched-solaris-x86 | 0.1.0 | 90.80 | NOTE | |||
r-release-linux-x86_64 | 0.1.0 | 4.97 | 49.58 | 54.55 | OK | |
r-release-windows-ix86+x86_64 | 0.1.0 | 18.00 | 108.00 | 126.00 | OK | |
r-release-osx-x86_64 | 0.1.0 | OK | ||||
r-oldrel-windows-ix86+x86_64 | 0.1.0 | 9.00 | 56.00 | 65.00 | OK | |
r-oldrel-osx-x86_64 | 0.1.0 | OK |
Version: 0.1.0
Check: installed package size
Result: NOTE
installed size is 5.6Mb
sub-directories of 1Mb or more:
examples 2.2Mb
framework7-5.1.3 1.7Mb
Flavor: r-patched-solaris-x86