Last updated on 2020-01-20 01:50:35 CET.
Flavor | Version | Tinstall | Tcheck | Ttotal | Status | Flags |
---|---|---|---|---|---|---|
r-devel-linux-x86_64-debian-clang | 0.1.0 | 2.39 | 25.95 | 28.34 | NOTE | |
r-devel-linux-x86_64-debian-gcc | 0.1.0 | 1.85 | 20.88 | 22.73 | NOTE | |
r-devel-linux-x86_64-fedora-clang | 0.1.0 | 36.10 | NOTE | |||
r-devel-linux-x86_64-fedora-gcc | 0.1.0 | 35.18 | NOTE | |||
r-devel-windows-ix86+x86_64 | 0.1.0 | 12.00 | 44.00 | 56.00 | NOTE | |
r-devel-windows-ix86+x86_64-gcc8 | 0.1.0 | 5.00 | 69.00 | 74.00 | NOTE | |
r-patched-linux-x86_64 | 0.1.0 | 1.70 | 24.10 | 25.80 | NOTE | |
r-patched-solaris-x86 | 0.1.0 | 50.20 | NOTE | |||
r-release-linux-x86_64 | 0.1.0 | 1.72 | 24.06 | 25.78 | NOTE | |
r-release-windows-ix86+x86_64 | 0.1.0 | 8.00 | 44.00 | 52.00 | NOTE | |
r-release-osx-x86_64 | 0.1.0 | NOTE | ||||
r-oldrel-windows-ix86+x86_64 | 0.1.0 | 4.00 | 60.00 | 64.00 | NOTE | |
r-oldrel-osx-x86_64 | 0.1.0 | NOTE |
Version: 0.1.0
Check: for hidden files and directories
Result: NOTE
Found the following hidden files and directories:
vignettes/.Rhistory
These were most likely included in error. See section 'Package
structure' in the 'Writing R Extensions' manual.
Flavors: r-devel-linux-x86_64-debian-clang, r-devel-linux-x86_64-debian-gcc, r-devel-linux-x86_64-fedora-clang, r-devel-linux-x86_64-fedora-gcc, r-devel-windows-ix86+x86_64, r-devel-windows-ix86+x86_64-gcc8, r-patched-linux-x86_64, r-patched-solaris-x86, r-release-linux-x86_64, r-release-windows-ix86+x86_64, r-release-osx-x86_64, r-oldrel-windows-ix86+x86_64, r-oldrel-osx-x86_64
Version: 0.1.0
Check: dependencies in R code
Result: NOTE
Packages in Depends field not imported from:
'abind' 'svUnit'
These packages need to be imported from (in the NAMESPACE file)
for when this namespace is loaded but not attached.
Flavors: r-devel-linux-x86_64-debian-clang, r-devel-linux-x86_64-debian-gcc, r-devel-linux-x86_64-fedora-clang, r-devel-linux-x86_64-fedora-gcc, r-devel-windows-ix86+x86_64, r-devel-windows-ix86+x86_64-gcc8, r-patched-linux-x86_64, r-patched-solaris-x86, r-release-linux-x86_64, r-release-windows-ix86+x86_64, r-release-osx-x86_64, r-oldrel-windows-ix86+x86_64, r-oldrel-osx-x86_64
Version: 0.1.0
Check: R code for possible problems
Result: NOTE
simSummary: no visible global function definition for 'abind'
simSummary_unitTests: no visible global function definition for
'clearLog'
simSummary_unitTests: no visible global function definition for
'runTest'
simSummary_unitTests: no visible global function definition for
'svSuite'
simSummary_unitTests: no visible global function definition for 'Log'
simSummary_unitTests: no visible global function definition for 'stats'
simSummary_unitTests: no visible global function definition for
'metadata'
simSummary_unitTests: no visible global function definition for
'errorLog'
Undefined global functions or variables:
Log abind clearLog errorLog metadata runTest stats svSuite
Flavors: r-devel-linux-x86_64-debian-clang, r-devel-linux-x86_64-debian-gcc, r-devel-linux-x86_64-fedora-clang, r-devel-linux-x86_64-fedora-gcc, r-devel-windows-ix86+x86_64, r-devel-windows-ix86+x86_64-gcc8, r-patched-linux-x86_64, r-patched-solaris-x86, r-release-linux-x86_64, r-release-windows-ix86+x86_64, r-release-osx-x86_64, r-oldrel-windows-ix86+x86_64, r-oldrel-osx-x86_64