Last updated on 2020-01-20 01:50:35 CET.
Flavor | Version | Tinstall | Tcheck | Ttotal | Status | Flags |
---|---|---|---|---|---|---|
r-devel-linux-x86_64-debian-clang | 0.2.1 | 7.55 | 80.22 | 87.77 | OK | |
r-devel-linux-x86_64-debian-gcc | 0.2.1 | 7.96 | 62.67 | 70.63 | OK | |
r-devel-linux-x86_64-fedora-clang | 0.2.1 | 112.14 | OK | |||
r-devel-linux-x86_64-fedora-gcc | 0.2.1 | 109.63 | OK | |||
r-devel-windows-ix86+x86_64 | 0.2.1 | 26.00 | 115.00 | 141.00 | OK | |
r-devel-windows-ix86+x86_64-gcc8 | 0.2.1 | 13.00 | 7.00 | 20.00 | ERROR | |
r-patched-linux-x86_64 | 0.2.1 | 7.00 | 71.52 | 78.52 | OK | |
r-patched-solaris-x86 | 0.2.1 | 155.70 | OK | |||
r-release-linux-x86_64 | 0.2.1 | 7.22 | 71.37 | 78.59 | OK | |
r-release-windows-ix86+x86_64 | 0.2.1 | 24.00 | 81.00 | 105.00 | OK | |
r-release-osx-x86_64 | 0.2.1 | OK | ||||
r-oldrel-windows-ix86+x86_64 | 0.2.1 | 10.00 | 75.00 | 85.00 | OK | |
r-oldrel-osx-x86_64 | 0.2.1 | OK |
Version: 0.2.1
Check: whether package can be installed
Result: ERROR
Installation failed.
Flavor: r-devel-windows-ix86+x86_64-gcc8