CRAN Package Check Results for Package smartR

Last updated on 2020-01-20 01:50:35 CET.

Flavor Version Tinstall Tcheck Ttotal Status Flags
r-devel-linux-x86_64-debian-clang 0.62.0 45.28 278.34 323.62 OK
r-devel-linux-x86_64-debian-gcc 0.62.0 39.31 203.33 242.64 OK
r-devel-linux-x86_64-fedora-clang 0.62.0 400.95 WARN
r-devel-linux-x86_64-fedora-gcc 0.62.0 379.41 OK
r-devel-windows-ix86+x86_64 0.62.0 121.00 375.00 496.00 OK
r-devel-windows-ix86+x86_64-gcc8 0.62.0 88.00 372.00 460.00 OK
r-patched-linux-x86_64 0.62.0 39.10 235.02 274.12 OK
r-patched-solaris-x86 0.62.0 553.30 OK
r-release-linux-x86_64 0.62.0 38.64 232.98 271.62 OK
r-release-windows-ix86+x86_64 0.62.0 105.00 257.00 362.00 OK
r-release-osx-x86_64 0.62.0 ERROR
r-oldrel-windows-ix86+x86_64 0.62.0 49.00 298.00 347.00 OK
r-oldrel-osx-x86_64 0.62.0 ERROR

Check Details

Version: 0.62.0
Check: package dependencies
Result: WARN
    Requires orphaned package: ‘clues’
Flavor: r-devel-linux-x86_64-fedora-clang

Version: 0.62.0
Check: package dependencies
Result: ERROR
    Package required but not available: ‘gWidgets2RGtk2’
    
    See section ‘The DESCRIPTION file’ in the ‘Writing R Extensions’
    manual.
Flavors: r-release-osx-x86_64, r-oldrel-osx-x86_64