CRAN Package Check Results for Package smooth

Last updated on 2020-01-20 01:50:35 CET.

Flavor Version Tinstall Tcheck Ttotal Status Flags
r-devel-linux-x86_64-debian-clang 2.5.4 151.84 502.40 654.24 OK
r-devel-linux-x86_64-debian-gcc 2.5.4 114.50 383.53 498.03 OK
r-devel-linux-x86_64-fedora-clang 2.5.4 827.81 NOTE
r-devel-linux-x86_64-fedora-gcc 2.5.4 808.60 OK
r-devel-windows-ix86+x86_64 2.5.4 357.00 414.00 771.00 NOTE --no-vignettes
r-devel-windows-ix86+x86_64-gcc8 2.5.4 278.00 525.00 803.00 ERROR --no-vignettes
r-patched-linux-x86_64 2.5.4 121.54 460.76 582.30 OK
r-patched-solaris-x86 2.5.4 912.40 NOTE
r-release-linux-x86_64 2.5.4 122.00 469.35 591.35 OK
r-release-windows-ix86+x86_64 2.5.4 343.00 428.00 771.00 NOTE --no-vignettes
r-release-osx-x86_64 2.5.4 NOTE
r-oldrel-windows-ix86+x86_64 2.5.4 234.00 524.00 758.00 NOTE --no-vignettes
r-oldrel-osx-x86_64 2.5.4 NOTE

Check Details

Version: 2.5.4
Check: installed package size
Result: NOTE
     installed size is 14.0Mb
     sub-directories of 1Mb or more:
     doc 2.5Mb
     libs 10.3Mb
Flavors: r-devel-linux-x86_64-fedora-clang, r-patched-solaris-x86, r-release-osx-x86_64, r-oldrel-osx-x86_64

Version: 2.5.4
Flags: --no-vignettes
Check: installed package size
Result: NOTE
     installed size is 6.3Mb
     sub-directories of 1Mb or more:
     doc 2.5Mb
     libs 2.6Mb
Flavors: r-devel-windows-ix86+x86_64, r-devel-windows-ix86+x86_64-gcc8, r-release-windows-ix86+x86_64, r-oldrel-windows-ix86+x86_64

Version: 2.5.4
Flags: --no-vignettes
Check: running tests for arch ‘i386’
Result: ERROR
     Running 'testthat.R' [116s]
    Running the tests in 'tests/testthat.R' failed.
    Complete output:
     > library(testthat)
     > library(smooth)
     Loading required package: greybox
     Package "greybox", v0.5.7 loaded.
     This is package "smooth", v2.5.4
     >
     > test_check("smooth")
     -- 1. Failure: Select exogenous variables for GUMX on N1457 (@test_ges.R#40) --
     suppressWarnings(testModel$xreg) is not null.
    
     == testthat results ===========================================================
     [ OK: 72 | SKIPPED: 0 | WARNINGS: 0 | FAILED: 1 ]
     1. Failure: Select exogenous variables for GUMX on N1457 (@test_ges.R#40)
    
     Error: testthat unit tests failed
     Execution halted
Flavor: r-devel-windows-ix86+x86_64-gcc8