Last updated on 2020-01-20 01:50:35 CET.
Flavor | Version | Tinstall | Tcheck | Ttotal | Status | Flags |
---|---|---|---|---|---|---|
r-devel-linux-x86_64-debian-clang | 2.5 | 25.80 | 127.66 | 153.46 | OK | |
r-devel-linux-x86_64-debian-gcc | 2.5 | 19.49 | 92.66 | 112.15 | OK | |
r-devel-linux-x86_64-fedora-clang | 2.5 | 183.00 | OK | |||
r-devel-linux-x86_64-fedora-gcc | 2.5 | 175.68 | OK | |||
r-devel-windows-ix86+x86_64 | 2.5 | 73.00 | 175.00 | 248.00 | OK | |
r-devel-windows-ix86+x86_64-gcc8 | 2.5 | 47.00 | 231.00 | 278.00 | OK | |
r-patched-linux-x86_64 | 2.5 | 22.97 | 111.24 | 134.21 | OK | |
r-patched-solaris-x86 | 2.5 | 210.90 | OK | |||
r-release-linux-x86_64 | 2.5 | 22.37 | 109.92 | 132.29 | OK | |
r-release-windows-ix86+x86_64 | 2.5 | 68.00 | 165.00 | 233.00 | OK | |
r-release-osx-x86_64 | 2.5 | NOTE | ||||
r-oldrel-windows-ix86+x86_64 | 2.5 | 41.00 | 174.00 | 215.00 | OK | |
r-oldrel-osx-x86_64 | 2.5 | NOTE |
Version: 2.5
Check: dependencies in R code
Result: NOTE
No protocol specified
Flavors: r-release-osx-x86_64, r-oldrel-osx-x86_64