CRAN Package Check Results for Package snowFT

Last updated on 2020-01-20 01:50:36 CET.

Flavor Version Tinstall Tcheck Ttotal Status Flags
r-devel-linux-x86_64-debian-clang 1.6-0 2.45 16.67 19.12 OK
r-devel-linux-x86_64-debian-gcc 1.6-0 2.04 15.07 17.11 OK
r-devel-linux-x86_64-fedora-clang 1.6-0 40.56 OK
r-devel-linux-x86_64-fedora-gcc 1.6-0 39.07 OK
r-devel-windows-ix86+x86_64 1.6-0 10.00 65.00 75.00 OK
r-devel-windows-ix86+x86_64-gcc8 1.6-0 6.00 65.00 71.00 OK
r-patched-linux-x86_64 1.6-0 2.06 15.85 17.91 OK
r-patched-solaris-x86 1.6-0 79.80 OK
r-release-linux-x86_64 1.6-0 2.25 15.88 18.13 OK
r-release-windows-ix86+x86_64 1.6-0 5.00 44.00 49.00 OK
r-release-osx-x86_64 1.6-0 NOTE
r-oldrel-windows-ix86+x86_64 1.6-0 2.00 41.00 43.00 OK
r-oldrel-osx-x86_64 1.6-0 NOTE

Check Details

Version: 1.6-0
Check: package dependencies
Result: NOTE
    Package suggested but not available for checking: ‘Rmpi’
Flavors: r-release-osx-x86_64, r-oldrel-osx-x86_64