CRAN Package Check Results for Package sodium

Last updated on 2020-01-20 01:50:36 CET.

Flavor Version Tinstall Tcheck Ttotal Status Flags
r-devel-linux-x86_64-debian-clang 1.1 5.00 23.49 28.49 OK
r-devel-linux-x86_64-debian-gcc 1.1 3.26 19.21 22.47 OK
r-devel-linux-x86_64-fedora-clang 1.1 37.99 NOTE
r-devel-linux-x86_64-fedora-gcc 1.1 35.19 NOTE
r-devel-windows-ix86+x86_64 1.1 41.00 64.00 105.00 OK
r-devel-windows-ix86+x86_64-gcc8 1.1 22.00 61.00 83.00 OK
r-patched-linux-x86_64 1.1 3.46 22.36 25.82 OK
r-patched-solaris-x86 1.1 49.10 OK
r-release-linux-x86_64 1.1 3.31 22.59 25.90 OK
r-release-windows-ix86+x86_64 1.1 34.00 46.00 80.00 OK
r-release-osx-x86_64 1.1 OK
r-oldrel-windows-ix86+x86_64 1.1 22.00 39.00 61.00 OK
r-oldrel-osx-x86_64 1.1 OK

Check Details

Version: 1.1
Check: top-level files
Result: NOTE
    ‘configure’: /bin/bash is not portable
Flavors: r-devel-linux-x86_64-fedora-clang, r-devel-linux-x86_64-fedora-gcc