CRAN Package Check Results for Package sommer

Last updated on 2020-01-20 01:50:36 CET.

Flavor Version Tinstall Tcheck Ttotal Status Flags
r-devel-linux-x86_64-debian-clang 4.0.8 65.74 511.85 577.59 OK
r-devel-linux-x86_64-debian-gcc 4.0.8 50.92 395.97 446.89 OK
r-devel-linux-x86_64-fedora-clang 4.0.8 730.31 NOTE
r-devel-linux-x86_64-fedora-gcc 4.0.8 706.03 OK
r-devel-windows-ix86+x86_64 4.0.8 154.00 179.00 333.00 NOTE --no-vignettes
r-devel-windows-ix86+x86_64-gcc8 4.0.8 106.00 239.00 345.00 NOTE --no-vignettes
r-patched-linux-x86_64 4.0.8 56.80 491.81 548.61 OK
r-patched-solaris-x86 4.0.8 1457.60 NOTE
r-release-linux-x86_64 4.0.8 55.78 486.17 541.95 OK
r-release-windows-ix86+x86_64 4.0.8 153.00 170.00 323.00 NOTE --no-vignettes
r-release-osx-x86_64 4.0.8 NOTE
r-oldrel-windows-ix86+x86_64 4.0.8 95.00 195.00 290.00 NOTE --no-vignettes
r-oldrel-osx-x86_64 4.0.8 NOTE

Check Details

Version: 4.0.8
Check: installed package size
Result: NOTE
     installed size is 9.8Mb
     sub-directories of 1Mb or more:
     data 1.4Mb
     doc 1.6Mb
     libs 5.9Mb
Flavors: r-devel-linux-x86_64-fedora-clang, r-patched-solaris-x86, r-release-osx-x86_64, r-oldrel-osx-x86_64

Version: 4.0.8
Flags: --no-vignettes
Check: installed package size
Result: NOTE
     installed size is 5.9Mb
     sub-directories of 1Mb or more:
     data 1.4Mb
     doc 1.6Mb
     libs 2.1Mb
Flavors: r-devel-windows-ix86+x86_64, r-devel-windows-ix86+x86_64-gcc8, r-release-windows-ix86+x86_64, r-oldrel-windows-ix86+x86_64