Last updated on 2020-01-20 01:50:36 CET.
Flavor | Version | Tinstall | Tcheck | Ttotal | Status | Flags |
---|---|---|---|---|---|---|
r-devel-linux-x86_64-debian-clang | 0.2 | 171.78 | 31.81 | 203.59 | OK | |
r-devel-linux-x86_64-debian-gcc | 0.2 | 205.88 | 25.69 | 231.57 | OK | |
r-devel-linux-x86_64-fedora-clang | 0.2 | 292.64 | NOTE | |||
r-devel-linux-x86_64-fedora-gcc | 0.2 | 489.82 | OK | |||
r-devel-windows-ix86+x86_64 | 0.2 | 446.00 | 96.00 | 542.00 | NOTE | |
r-devel-windows-ix86+x86_64-gcc8 | 0.2 | 338.00 | 102.00 | 440.00 | NOTE | |
r-patched-linux-x86_64 | 0.2 | 214.71 | 29.57 | 244.28 | OK | |
r-patched-solaris-x86 | 0.2 | 288.00 | OK | |||
r-release-linux-x86_64 | 0.2 | 214.58 | 29.89 | 244.47 | OK | |
r-release-windows-ix86+x86_64 | 0.2 | 457.00 | 103.00 | 560.00 | NOTE | |
r-release-osx-x86_64 | 0.2 | NOTE | ||||
r-oldrel-windows-ix86+x86_64 | 0.2 | 322.00 | 66.00 | 388.00 | NOTE | |
r-oldrel-osx-x86_64 | 0.2 | NOTE |
Version: 0.2
Check: installed package size
Result: NOTE
installed size is 18.8Mb
sub-directories of 1Mb or more:
doc 1.2Mb
libs 17.2Mb
Flavors: r-devel-linux-x86_64-fedora-clang, r-devel-windows-ix86+x86_64, r-devel-windows-ix86+x86_64-gcc8, r-release-windows-ix86+x86_64, r-release-osx-x86_64, r-oldrel-windows-ix86+x86_64, r-oldrel-osx-x86_64