Last updated on 2020-01-20 01:50:36 CET.
Flavor | Version | Tinstall | Tcheck | Ttotal | Status | Flags |
---|---|---|---|---|---|---|
r-devel-linux-x86_64-debian-clang | 0.0.1.7 | 52.43 | 28.25 | 80.68 | OK | |
r-devel-linux-x86_64-debian-gcc | 0.0.1.7 | 28.50 | 22.89 | 51.39 | OK | |
r-devel-linux-x86_64-fedora-clang | 0.0.1.7 | 114.68 | NOTE | |||
r-devel-linux-x86_64-fedora-gcc | 0.0.1.7 | 97.01 | OK | |||
r-devel-windows-ix86+x86_64 | 0.0.1.7 | 139.00 | 89.00 | 228.00 | OK | |
r-devel-windows-ix86+x86_64-gcc8 | 0.0.1.7 | 114.00 | 86.00 | 200.00 | NOTE | |
r-patched-linux-x86_64 | 0.0.1.7 | 34.69 | 26.47 | 61.16 | OK | |
r-patched-solaris-x86 | 0.0.1.7 | 129.00 | OK | |||
r-release-linux-x86_64 | 0.0.1.7 | 34.82 | 26.91 | 61.73 | OK | |
r-release-windows-ix86+x86_64 | 0.0.1.7 | 149.00 | 66.00 | 215.00 | OK | |
r-release-osx-x86_64 | 0.0.1.7 | OK | ||||
r-oldrel-windows-ix86+x86_64 | 0.0.1.7 | 77.00 | 58.00 | 135.00 | OK | |
r-oldrel-osx-x86_64 | 0.0.1.7 | OK |
Version: 0.0.1.7
Check: package dependencies
Result: NOTE
Suggests orphaned package: ‘imager’
Flavor: r-devel-linux-x86_64-fedora-clang
Version: 0.0.1.7
Check: installed package size
Result: NOTE
installed size is 5.4Mb
sub-directories of 1Mb or more:
libs 3.7Mb
Flavor: r-devel-windows-ix86+x86_64-gcc8