Last updated on 2020-01-20 01:50:36 CET.
Flavor | Version | Tinstall | Tcheck | Ttotal | Status | Flags |
---|---|---|---|---|---|---|
r-devel-linux-x86_64-debian-clang | 0.1.0 | 2.84 | 39.57 | 42.41 | OK | |
r-devel-linux-x86_64-debian-gcc | 0.1.0 | 2.33 | 30.67 | 33.00 | OK | |
r-devel-linux-x86_64-fedora-clang | 0.1.0 | 51.58 | NOTE | |||
r-devel-linux-x86_64-fedora-gcc | 0.1.0 | 49.22 | NOTE | |||
r-devel-windows-ix86+x86_64 | 0.1.0 | 15.00 | 72.00 | 87.00 | OK | |
r-devel-windows-ix86+x86_64-gcc8 | 0.1.0 | 9.00 | 72.00 | 81.00 | OK | |
r-patched-linux-x86_64 | 0.1.0 | 2.26 | 35.77 | 38.03 | OK | |
r-patched-solaris-x86 | 0.1.0 | 69.40 | NOTE | |||
r-release-linux-x86_64 | 0.1.0 | 1.99 | 35.02 | 37.01 | OK | |
r-release-windows-ix86+x86_64 | 0.1.0 | 7.00 | 54.00 | 61.00 | OK | |
r-release-osx-x86_64 | 0.1.0 | NOTE | ||||
r-oldrel-windows-ix86+x86_64 | 0.1.0 | 3.00 | 46.00 | 49.00 | OK | |
r-oldrel-osx-x86_64 | 0.1.0 | NOTE |
Version: 0.1.0
Check: dependencies in R code
Result: NOTE
Namespaces in Imports field not imported from:
‘GGally’ ‘tibble’ ‘webshot’
All declared Imports should be used.
Flavors: r-devel-linux-x86_64-fedora-clang, r-devel-linux-x86_64-fedora-gcc, r-patched-solaris-x86, r-release-osx-x86_64, r-oldrel-osx-x86_64
Version: 0.1.0
Check: package dependencies
Result: NOTE
Package suggested but not available for checking: ‘gifski’
Flavor: r-patched-solaris-x86