Last updated on 2020-01-20 01:50:36 CET.
Flavor | Version | Tinstall | Tcheck | Ttotal | Status | Flags |
---|---|---|---|---|---|---|
r-devel-linux-x86_64-debian-clang | 1.2-2 | 7.30 | 40.69 | 47.99 | OK | |
r-devel-linux-x86_64-debian-gcc | 1.2-2 | 5.56 | 31.71 | 37.27 | OK | |
r-devel-linux-x86_64-fedora-clang | 1.2-2 | 58.60 | NOTE | |||
r-devel-linux-x86_64-fedora-gcc | 1.2-2 | 57.06 | NOTE | |||
r-devel-windows-ix86+x86_64 | 1.2-2 | 24.00 | 91.00 | 115.00 | OK | |
r-devel-windows-ix86+x86_64-gcc8 | 1.2-2 | 18.00 | 92.00 | 110.00 | OK | |
r-patched-linux-x86_64 | 1.2-2 | 5.61 | 35.96 | 41.57 | OK | |
r-patched-solaris-x86 | 1.2-2 | 73.70 | OK | |||
r-release-linux-x86_64 | 1.2-2 | 5.24 | 36.00 | 41.24 | OK | |
r-release-windows-ix86+x86_64 | 1.2-2 | 13.00 | 86.00 | 99.00 | OK | |
r-release-osx-x86_64 | 1.2-2 | OK | ||||
r-oldrel-windows-ix86+x86_64 | 1.2-2 | 10.00 | 56.00 | 66.00 | OK | |
r-oldrel-osx-x86_64 | 1.2-2 | OK |
Version: 1.2-2
Check: compiled code
Result: NOTE
File ‘splus2R/libs/splus2R.so’:
Found no calls to: ‘R_registerRoutines’, ‘R_useDynamicSymbols’
It is good practice to register native routines and to disable symbol
search.
See ‘Writing portable packages’ in the ‘Writing R Extensions’ manual.
Flavors: r-devel-linux-x86_64-fedora-clang, r-devel-linux-x86_64-fedora-gcc